CRAN Package Check Results for Package diffviewer

Last updated on 2021-09-25 08:49:54 CEST.

Flavor Version Tinstall Tcheck Ttotal Status Flags
r-devel-linux-x86_64-debian-clang 0.1.0 1.89 21.05 22.94 NOTE
r-devel-linux-x86_64-debian-gcc 0.1.0 1.55 16.65 18.20 NOTE
r-devel-linux-x86_64-fedora-clang 0.1.0 36.91 NOTE
r-devel-linux-x86_64-fedora-gcc 0.1.0 26.50 NOTE
r-devel-windows-x86_64 0.1.0 3.00 28.00 31.00 NOTE
r-devel-windows-x86_64-gcc10-UCRT 0.1.0 NOTE
r-patched-linux-x86_64 0.1.0 2.08 20.63 22.71 NOTE
r-patched-solaris-x86 0.1.0 44.10 NOTE
r-release-linux-x86_64 0.1.0 2.06 20.44 22.50 NOTE
r-release-macos-arm64 0.1.0 NOTE
r-release-macos-x86_64 0.1.0 NOTE
r-release-windows-ix86+x86_64 0.1.0 5.00 28.00 33.00 NOTE
r-oldrel-macos-x86_64 0.1.0 OK
r-oldrel-windows-ix86+x86_64 0.1.0 4.00 26.00 30.00 OK

Check Details

Version: 0.1.0
Check: LazyData
Result: NOTE
     'LazyData' is specified without a 'data' directory
Flavors: r-devel-linux-x86_64-debian-clang, r-devel-linux-x86_64-debian-gcc, r-devel-linux-x86_64-fedora-clang, r-devel-linux-x86_64-fedora-gcc, r-devel-windows-x86_64, r-devel-windows-x86_64-gcc10-UCRT, r-patched-linux-x86_64, r-patched-solaris-x86, r-release-linux-x86_64, r-release-macos-arm64, r-release-macos-x86_64, r-release-windows-ix86+x86_64