Last updated on 2024-03-28 15:49:45 CET.
Flavor | Version | Tinstall | Tcheck | Ttotal | Status | Flags |
---|---|---|---|---|---|---|
r-devel-linux-x86_64-debian-clang | 2.0.0 | 33.32 | 30.23 | 63.55 | NOTE | |
r-devel-linux-x86_64-debian-gcc | 2.0.0 | 27.92 | 23.39 | 51.31 | NOTE | |
r-devel-linux-x86_64-fedora-clang | 2.0.0 | 98.41 | NOTE | |||
r-devel-linux-x86_64-fedora-gcc | 2.0.0 | 94.79 | NOTE | |||
r-devel-windows-x86_64 | 2.0.0 | 29.00 | 62.00 | 91.00 | NOTE | |
r-patched-linux-x86_64 | 2.0.0 | 35.97 | 28.35 | 64.32 | NOTE | |
r-release-linux-x86_64 | 2.0.0 | 38.51 | 28.93 | 67.44 | NOTE | |
r-release-macos-arm64 | 2.0.0 | 30.00 | NOTE | |||
r-release-macos-x86_64 | 2.0.0 | 42.00 | NOTE | |||
r-release-windows-x86_64 | 2.0.0 | 36.00 | 68.00 | 104.00 | NOTE | |
r-oldrel-macos-arm64 | 2.0.0 | 31.00 | OK | |||
r-oldrel-windows-x86_64 | 2.0.0 | 36.00 | 70.00 | 106.00 | OK |
Version: 2.0.0
Check: C++ specification
Result: NOTE
Specified C++11: please drop specification unless essential
Flavors: r-devel-linux-x86_64-debian-clang, r-devel-linux-x86_64-debian-gcc, r-devel-linux-x86_64-fedora-clang, r-devel-linux-x86_64-fedora-gcc, r-devel-windows-x86_64, r-patched-linux-x86_64, r-release-linux-x86_64, r-release-macos-arm64, r-release-macos-x86_64, r-release-windows-x86_64