CRAN Package Check Results for Package dint

Last updated on 2021-12-02 08:51:07 CET.

Flavor Version Tinstall Tcheck Ttotal Status Flags
r-devel-linux-x86_64-debian-clang 2.1.3 4.73 57.48 62.21 NOTE
r-devel-linux-x86_64-debian-gcc 2.1.3 3.15 42.91 46.06 NOTE
r-devel-linux-x86_64-fedora-clang 2.1.3 84.15 NOTE
r-devel-linux-x86_64-fedora-gcc 2.1.3 73.73 NOTE
r-devel-windows-x86_64-new-UL 2.1.3 17.00 102.00 119.00 NOTE
r-devel-windows-x86_64-new-TK 2.1.3 NOTE
r-devel-windows-x86_64-old 2.1.3 8.00 63.00 71.00 NOTE
r-patched-linux-x86_64 2.1.3 4.86 53.56 58.42 NOTE
r-patched-solaris-x86 2.1.3 89.90 NOTE
r-release-linux-x86_64 2.1.3 3.95 52.69 56.64 NOTE
r-release-macos-arm64 2.1.3 NOTE
r-release-macos-x86_64 2.1.3 NOTE
r-release-windows-ix86+x86_64 2.1.3 9.00 76.00 85.00 NOTE
r-oldrel-macos-x86_64 2.1.3 OK
r-oldrel-windows-ix86+x86_64 2.1.3 10.00 84.00 94.00 OK

Check Details

Version: 2.1.3
Check: LazyData
Result: NOTE
     'LazyData' is specified without a 'data' directory
Flavors: r-devel-linux-x86_64-debian-clang, r-devel-linux-x86_64-debian-gcc, r-devel-linux-x86_64-fedora-clang, r-devel-linux-x86_64-fedora-gcc, r-devel-windows-x86_64-new-UL, r-devel-windows-x86_64-new-TK, r-devel-windows-x86_64-old, r-patched-linux-x86_64, r-patched-solaris-x86, r-release-linux-x86_64, r-release-macos-arm64, r-release-macos-x86_64, r-release-windows-ix86+x86_64