Last updated on 2024-04-18 08:54:26 CEST.
Flavor | Version | Tinstall | Tcheck | Ttotal | Status | Flags |
---|---|---|---|---|---|---|
r-devel-linux-x86_64-debian-clang | 0.2.8 | 91.33 | 99.23 | 190.56 | NOTE | |
r-devel-linux-x86_64-debian-gcc | 0.2.8 | 66.35 | 72.08 | 138.43 | NOTE | |
r-devel-linux-x86_64-fedora-clang | 0.2.8 | 261.12 | NOTE | |||
r-devel-linux-x86_64-fedora-gcc | 0.2.8 | 260.73 | NOTE | |||
r-prerel-macos-arm64 | 0.2.8 | 68.00 | NOTE | |||
r-prerel-windows-x86_64 | 0.2.8 | 78.00 | 133.00 | 211.00 | NOTE | |
r-patched-linux-x86_64 | 0.2.8 | 90.16 | 92.67 | 182.83 | NOTE | |
r-release-linux-x86_64 | 0.2.8 | 77.98 | 92.76 | 170.74 | OK | |
r-release-macos-arm64 | 0.2.8 | 66.00 | OK | |||
r-release-macos-x86_64 | 0.2.8 | 123.00 | OK | |||
r-release-windows-x86_64 | 0.2.8 | 100.00 | 154.00 | 254.00 | OK | |
r-oldrel-macos-arm64 | 0.2.8 | 62.00 | OK | |||
r-oldrel-windows-x86_64 | 0.2.8 | 91.00 | 134.00 | 225.00 | OK |
Version: 0.2.8
Check: Rd files
Result: NOTE
checkRd: (-1) restart_session.Rd:11: Lost braces
11 | 'RStudio', use \code{startup}{restart} instead.
| ^
Flavors: r-devel-linux-x86_64-debian-clang, r-devel-linux-x86_64-debian-gcc, r-devel-linux-x86_64-fedora-clang, r-devel-linux-x86_64-fedora-gcc, r-prerel-macos-arm64, r-prerel-windows-x86_64, r-patched-linux-x86_64