Last updated on 2023-06-05 16:54:52 CEST.
Flavor | Version | Tinstall | Tcheck | Ttotal | Status | Flags |
---|---|---|---|---|---|---|
r-devel-linux-x86_64-debian-clang | 2021.1.13 | 7.12 | 173.94 | 181.06 | OK | |
r-devel-linux-x86_64-debian-gcc | 2021.1.13 | 5.10 | 128.30 | 133.40 | OK | |
r-devel-linux-x86_64-fedora-clang | 2021.1.13 | 218.03 | OK | |||
r-devel-linux-x86_64-fedora-gcc | 2021.1.13 | 221.99 | OK | |||
r-devel-windows-x86_64 | 2021.1.13 | 7.00 | 151.00 | 158.00 | OK | |
r-patched-linux-x86_64 | 2021.1.13 | 9.05 | 161.50 | 170.55 | OK | |
r-release-linux-x86_64 | 2021.1.13 | 6.51 | 161.89 | 168.40 | OK | |
r-release-macos-arm64 | 2021.1.13 | 61.00 | OK | |||
r-release-macos-x86_64 | 2021.1.13 | 113.00 | NOTE | |||
r-release-windows-x86_64 | 2021.1.13 | 9.00 | 182.00 | 191.00 | OK | |
r-oldrel-macos-arm64 | 2021.1.13 | 65.00 | OK | |||
r-oldrel-macos-x86_64 | 2021.1.13 | 90.00 | OK | |||
r-oldrel-windows-x86_64 | 2021.1.13 | 9.00 | 187.00 | 196.00 | OK |
Version: 2021.1.13
Check: package dependencies
Result: NOTE
Packages suggested but not available for checking:
'alphahull', 'lars', 'latticeExtra'
Flavor: r-release-macos-x86_64