Last updated on 2023-06-05 16:54:52 CEST.
Flavor | Version | Tinstall | Tcheck | Ttotal | Status | Flags |
---|---|---|---|---|---|---|
r-devel-linux-x86_64-debian-clang | 1.0.0 | 460.47 | 213.36 | 673.83 | NOTE | |
r-devel-linux-x86_64-debian-gcc | 1.0.0 | 340.22 | 177.56 | 517.78 | NOTE | |
r-devel-linux-x86_64-fedora-clang | 1.0.0 | 814.67 | NOTE | |||
r-devel-linux-x86_64-fedora-gcc | 1.0.0 | 919.80 | NOTE | |||
r-devel-windows-x86_64 | 1.0.0 | 259.00 | 211.00 | 470.00 | NOTE | |
r-patched-linux-x86_64 | 1.0.0 | 231.35 | 223.85 | 455.20 | NOTE | |
r-release-linux-x86_64 | 1.0.0 | 284.97 | 219.03 | 504.00 | NOTE | |
r-release-macos-arm64 | 1.0.0 | 244.00 | NOTE | |||
r-release-macos-x86_64 | 1.0.0 | 380.00 | NOTE | |||
r-release-windows-x86_64 | 1.0.0 | 359.00 | 275.00 | 634.00 | NOTE | |
r-oldrel-macos-arm64 | 1.0.0 | 165.00 | NOTE | |||
r-oldrel-macos-x86_64 | 1.0.0 | 276.00 | NOTE | |||
r-oldrel-windows-x86_64 | 1.0.0 | 318.00 | 260.00 | 578.00 | NOTE |
Version: 1.0.0
Check: for GNU extensions in Makefiles
Result: NOTE
GNU make is a SystemRequirements.
Flavors: r-devel-linux-x86_64-debian-clang, r-devel-linux-x86_64-debian-gcc, r-devel-linux-x86_64-fedora-clang, r-devel-linux-x86_64-fedora-gcc, r-devel-windows-x86_64, r-patched-linux-x86_64, r-release-linux-x86_64, r-release-macos-arm64, r-release-macos-x86_64, r-release-windows-x86_64, r-oldrel-macos-arm64, r-oldrel-macos-x86_64, r-oldrel-windows-x86_64
Version: 1.0.0
Check: installed package size
Result: NOTE
installed size is 5.9Mb
sub-directories of 1Mb or more:
libs 5.0Mb
Flavors: r-devel-linux-x86_64-fedora-clang, r-release-macos-arm64, r-release-macos-x86_64, r-oldrel-macos-arm64, r-oldrel-macos-x86_64