Last updated on 2024-04-20 08:50:50 CEST.
Flavor | Version | Tinstall | Tcheck | Ttotal | Status | Flags |
---|---|---|---|---|---|---|
r-devel-linux-x86_64-debian-clang | 1.1.0 | 634.78 | 267.24 | 902.02 | NOTE | |
r-devel-linux-x86_64-debian-gcc | 1.1.0 | 473.02 | 224.60 | 697.62 | NOTE | |
r-devel-linux-x86_64-fedora-clang | 1.1.0 | 994.33 | NOTE | |||
r-devel-linux-x86_64-fedora-gcc | 1.1.0 | 1214.22 | NOTE | |||
r-prerel-macos-arm64 | 1.1.0 | 250.00 | NOTE | |||
r-prerel-windows-x86_64 | 1.1.0 | 341.00 | 251.00 | 592.00 | NOTE | |
r-patched-linux-x86_64 | 1.1.0 | 0.01 | 2.56 | 2.57 | ERROR | |
r-release-linux-x86_64 | 1.1.0 | 384.72 | 286.49 | 671.21 | NOTE | |
r-release-macos-arm64 | 1.1.0 | 522.00 | NOTE | |||
r-release-macos-x86_64 | 1.1.0 | 611.00 | NOTE | |||
r-release-windows-x86_64 | 1.1.0 | 471.00 | 316.00 | 787.00 | NOTE | |
r-oldrel-macos-arm64 | 1.1.0 | 384.00 | NOTE | |||
r-oldrel-windows-x86_64 | 1.1.0 | 428.00 | 305.00 | 733.00 | NOTE |
Version: 1.1.0
Check: for GNU extensions in Makefiles
Result: NOTE
GNU make is a SystemRequirements.
Flavors: r-devel-linux-x86_64-debian-clang, r-devel-linux-x86_64-debian-gcc, r-devel-linux-x86_64-fedora-clang, r-devel-linux-x86_64-fedora-gcc, r-prerel-macos-arm64, r-prerel-windows-x86_64, r-release-linux-x86_64, r-release-macos-arm64, r-release-macos-x86_64, r-release-windows-x86_64, r-oldrel-macos-arm64, r-oldrel-windows-x86_64
Version: 1.1.0
Check: installed package size
Result: NOTE
installed size is 7.4Mb
sub-directories of 1Mb or more:
libs 6.6Mb
Flavors: r-devel-linux-x86_64-fedora-clang, r-prerel-macos-arm64, r-prerel-windows-x86_64, r-release-macos-arm64, r-release-macos-x86_64, r-release-windows-x86_64, r-oldrel-macos-arm64, r-oldrel-windows-x86_64
Version: 1.1.0
Check: whether package can be installed
Result: ERROR
Installation failed.
Flavor: r-patched-linux-x86_64