CRAN Package Check Results for Package discoveR

Last updated on 2021-10-23 12:07:28 CEST.

Flavor Version Tinstall Tcheck Ttotal Status Flags
r-devel-linux-x86_64-debian-clang 2.2.6 16.55 109.58 126.13 OK
r-devel-linux-x86_64-debian-gcc 2.2.6 13.82 79.73 93.55 OK
r-devel-linux-x86_64-fedora-clang 2.2.6 166.66 OK
r-devel-linux-x86_64-fedora-gcc 2.2.6 146.88 OK
r-devel-windows-x86_64 2.2.6 26.00 141.00 167.00 OK
r-devel-windows-x86_64-gcc10-UCRT 2.2.6 OK
r-patched-linux-x86_64 2.2.6 14.53 104.56 119.09 OK
r-patched-solaris-x86 2.2.6 195.70 OK
r-release-linux-x86_64 2.2.6 14.44 104.24 118.68 OK
r-release-macos-arm64 2.2.2 NOTE
r-release-macos-x86_64 2.2.6 OK
r-release-windows-ix86+x86_64 2.2.6 24.00 141.00 165.00 OK
r-oldrel-macos-x86_64 2.2.6 ERROR
r-oldrel-windows-ix86+x86_64 2.2.6 1.00 6.00 7.00 ERROR

Check Details

Version: 2.2.2
Check: LazyData
Result: NOTE
     'LazyData' is specified without a 'data' directory
Flavor: r-release-macos-arm64

Version: 2.2.6
Check: whether package can be installed
Result: ERROR
    Installation failed.
Flavors: r-oldrel-macos-x86_64, r-oldrel-windows-ix86+x86_64