Last updated on 2024-04-23 16:58:13 CEST.
Flavor | Version | Tinstall | Tcheck | Ttotal | Status | Flags |
---|---|---|---|---|---|---|
r-devel-linux-x86_64-debian-clang | 0.0.1 | 3.17 | 49.82 | 52.99 | OK | |
r-devel-linux-x86_64-debian-gcc | 0.0.1 | 2.16 | 36.27 | 38.43 | OK | |
r-devel-linux-x86_64-fedora-clang | 0.0.1 | 66.80 | NOTE | |||
r-devel-linux-x86_64-fedora-gcc | 0.0.1 | 74.36 | NOTE | |||
r-prerel-macos-arm64 | 0.0.1 | 31.00 | OK | |||
r-prerel-windows-x86_64 | 0.0.1 | 5.00 | 61.00 | 66.00 | OK | |
r-patched-linux-x86_64 | 0.0.1 | 2.84 | 47.75 | 50.59 | OK | |
r-release-linux-x86_64 | 0.0.1 | 2.66 | 45.82 | 48.48 | OK | |
r-release-macos-arm64 | 0.0.1 | 31.00 | OK | |||
r-release-macos-x86_64 | 0.0.1 | 46.00 | OK | |||
r-release-windows-x86_64 | 0.0.1 | 6.00 | 66.00 | 72.00 | OK | |
r-oldrel-macos-arm64 | 0.0.1 | 24.00 | NOTE | |||
r-oldrel-windows-x86_64 | 0.0.1 | 5.00 | 68.00 | 73.00 | OK |
Version: 0.0.1
Check: dependencies in R code
Result: NOTE
Namespaces in Imports field not imported from:
‘dplyr’ ‘readr’
All declared Imports should be used.
Flavors: r-devel-linux-x86_64-fedora-clang, r-devel-linux-x86_64-fedora-gcc, r-oldrel-macos-arm64