CRAN Package Check Results for Package discretecdAlgorithm

Last updated on 2023-05-28 22:00:09 CEST.

Flavor Version Tinstall Tcheck Ttotal Status Flags
r-devel-linux-x86_64-debian-clang 0.0.7 76.10 45.72 121.82 NOTE
r-devel-linux-x86_64-debian-gcc 0.0.7 53.70 36.07 89.77 NOTE
r-devel-linux-x86_64-fedora-clang 0.0.7 162.08 NOTE
r-devel-linux-x86_64-fedora-gcc 0.0.7 161.72 NOTE
r-devel-windows-x86_64 0.0.7 49.00 77.00 126.00 NOTE
r-patched-linux-x86_64 0.0.7 52.82 44.71 97.53 NOTE
r-release-linux-x86_64 0.0.7 51.93 44.70 96.63 NOTE
r-release-macos-arm64 0.0.7 49.00 NOTE
r-release-macos-x86_64 0.0.7 81.00 NOTE
r-release-windows-x86_64 0.0.7 60.00 84.00 144.00 NOTE
r-oldrel-macos-arm64 0.0.7 43.00 NOTE
r-oldrel-macos-x86_64 0.0.7 61.00 NOTE
r-oldrel-windows-x86_64 0.0.7 59.00 82.00 141.00 NOTE

Check Details

Version: 0.0.7
Check: C++ specification
Result: NOTE
     Specified C++11: please drop specification unless essential
Flavors: r-devel-linux-x86_64-debian-clang, r-devel-linux-x86_64-debian-gcc, r-devel-linux-x86_64-fedora-clang, r-devel-linux-x86_64-fedora-gcc, r-devel-windows-x86_64, r-patched-linux-x86_64, r-release-linux-x86_64, r-release-macos-arm64, r-release-macos-x86_64, r-release-windows-x86_64

Version: 0.0.7
Check: LazyData
Result: NOTE
     'LazyData' is specified without a 'data' directory
Flavors: r-devel-linux-x86_64-debian-clang, r-devel-linux-x86_64-debian-gcc, r-devel-linux-x86_64-fedora-clang, r-devel-linux-x86_64-fedora-gcc, r-devel-windows-x86_64, r-patched-linux-x86_64, r-release-linux-x86_64, r-release-macos-arm64, r-release-macos-x86_64, r-release-windows-x86_64, r-oldrel-macos-arm64, r-oldrel-macos-x86_64, r-oldrel-windows-x86_64

Version: 0.0.7
Check: installed package size
Result: NOTE
     installed size is 10.0Mb
     sub-directories of 1Mb or more:
     libs 9.8Mb
Flavors: r-release-macos-arm64, r-release-macos-x86_64, r-oldrel-macos-arm64, r-oldrel-macos-x86_64