CRAN Package Check Results for Package disposables

Last updated on 2024-02-22 00:58:28 CET.

Flavor Version Tinstall Tcheck Ttotal Status Flags
r-devel-linux-x86_64-debian-clang 1.0.3 NOTE
r-devel-linux-x86_64-debian-gcc 1.0.3 1.55 17.80 19.35 NOTE
r-devel-linux-x86_64-fedora-clang 1.0.3 31.32 NOTE
r-devel-linux-x86_64-fedora-gcc 1.0.3 29.97 NOTE
r-devel-windows-x86_64 1.0.3 3.00 40.00 43.00 NOTE
r-patched-linux-x86_64 1.0.3 2.05 22.15 24.20 NOTE
r-release-linux-x86_64 1.0.3 1.39 22.55 23.94 NOTE
r-release-macos-arm64 1.0.3 16.00 NOTE
r-release-macos-x86_64 1.0.3 22.00 NOTE
r-release-windows-x86_64 1.0.3 2.00 40.00 42.00 NOTE
r-oldrel-macos-arm64 1.0.3 20.00 NOTE
r-oldrel-windows-x86_64 1.0.3 3.00 50.00 53.00 NOTE

Check Details

Version: 1.0.3
Check: LazyData
Result: NOTE 'LazyData' is specified without a 'data' directory Flavors: r-devel-linux-x86_64-debian-clang, r-devel-linux-x86_64-debian-gcc, r-devel-linux-x86_64-fedora-clang, r-devel-linux-x86_64-fedora-gcc, r-devel-windows-x86_64, r-patched-linux-x86_64, r-release-linux-x86_64, r-release-macos-arm64, r-release-macos-x86_64, r-release-windows-x86_64, r-oldrel-macos-arm64, r-oldrel-windows-x86_64