CRAN Package Check Results for Package distr6

Last updated on 2021-10-22 20:48:58 CEST.

Flavor Version Tinstall Tcheck Ttotal Status Flags
r-devel-linux-x86_64-debian-clang 1.6.2 136.16 442.07 578.23 OK
r-devel-linux-x86_64-debian-gcc 1.6.2 109.39 311.66 421.05 OK
r-devel-linux-x86_64-fedora-clang 1.6.2 728.33 NOTE
r-devel-linux-x86_64-fedora-gcc 1.6.2 722.64 OK
r-devel-windows-x86_64 1.6.2 201.00 547.00 748.00 NOTE
r-devel-windows-x86_64-gcc10-UCRT 1.6.2 OK
r-patched-linux-x86_64 1.6.2 137.79 411.41 549.20 OK
r-patched-solaris-x86 1.6.2 714.20 NOTE
r-release-linux-x86_64 1.6.2 131.58 416.38 547.96 OK
r-release-macos-arm64 1.6.2 NOTE
r-release-macos-x86_64 1.6.2 NOTE
r-release-windows-ix86+x86_64 1.6.2 182.00 923.00 1105.00 NOTE
r-oldrel-macos-x86_64 1.6.2 NOTE
r-oldrel-windows-ix86+x86_64 1.6.2 173.00 561.00 734.00 NOTE

Check Details

Version: 1.6.2
Check: installed package size
Result: NOTE
     installed size is 7.1Mb
     sub-directories of 1Mb or more:
     R 3.6Mb
     help 1.2Mb
     libs 2.1Mb
Flavors: r-devel-linux-x86_64-fedora-clang, r-devel-windows-x86_64, r-patched-solaris-x86, r-release-macos-arm64, r-release-macos-x86_64, r-release-windows-ix86+x86_64, r-oldrel-macos-x86_64, r-oldrel-windows-ix86+x86_64