Last updated on 2023-09-21 17:55:42 CEST.
Flavor | Version | Tinstall | Tcheck | Ttotal | Status | Flags |
---|---|---|---|---|---|---|
r-devel-linux-x86_64-debian-clang | 1.7.4 | 19.82 | 198.47 | 218.29 | NOTE | |
r-devel-linux-x86_64-debian-gcc | 1.7.4 | 15.70 | 143.79 | 159.49 | NOTE | |
r-devel-linux-x86_64-fedora-clang | 1.7.4 | 280.51 | NOTE | |||
r-devel-linux-x86_64-fedora-gcc | 1.7.4 | 259.25 | NOTE | |||
r-devel-windows-x86_64 | 1.7.4 | 16.00 | 157.00 | 173.00 | NOTE | |
r-patched-linux-x86_64 | 1.7.4 | 24.94 | 185.86 | 210.80 | OK | |
r-release-linux-x86_64 | 1.7.4 | 17.91 | 186.81 | 204.72 | OK | |
r-release-macos-arm64 | 1.7.4 | 74.00 | OK | |||
r-release-macos-x86_64 | 1.7.4 | 127.00 | OK | |||
r-release-windows-x86_64 | 1.7.4 | 22.00 | 189.00 | 211.00 | OK | |
r-oldrel-macos-arm64 | 1.7.4 | 76.00 | OK | |||
r-oldrel-macos-x86_64 | 1.7.4 | 103.00 | OK | |||
r-oldrel-windows-x86_64 | 1.7.4 | 24.00 | 190.00 | 214.00 | OK |
Version: 1.7.4
Check: Rd \usage sections
Result: NOTE
Documented arguments not in \usage in documentation object 'reshape_into_long':
‘pred_intvar’
Functions with \usage entries need to have the appropriate \alias
entries, and all their arguments documented.
The \usage entries must correspond to syntactically valid R code.
See chapter ‘Writing R documentation files’ in the ‘Writing R
Extensions’ manual.
Flavors: r-devel-linux-x86_64-debian-clang, r-devel-linux-x86_64-debian-gcc, r-devel-linux-x86_64-fedora-clang, r-devel-linux-x86_64-fedora-gcc, r-devel-windows-x86_64