Last updated on 2023-06-05 16:54:53 CEST.
Flavor | Version | Tinstall | Tcheck | Ttotal | Status | Flags |
---|---|---|---|---|---|---|
r-devel-linux-x86_64-debian-clang | 0.9-18 | 92.22 | 130.65 | 222.87 | OK | |
r-devel-linux-x86_64-debian-gcc | 0.9-18 | 70.37 | 98.26 | 168.63 | OK | |
r-devel-linux-x86_64-fedora-clang | 0.9-18 | 298.05 | OK | |||
r-devel-linux-x86_64-fedora-gcc | 0.9-18 | 288.97 | OK | |||
r-devel-windows-x86_64 | 0.9-18 | 88.00 | 140.00 | 228.00 | OK | |
r-patched-linux-x86_64 | 0.9-18 | 75.96 | 125.18 | 201.14 | OK | |
r-release-linux-x86_64 | 0.9-18 | 80.09 | 125.37 | 205.46 | OK | |
r-release-macos-arm64 | 0.9-18 | 77.00 | NOTE | |||
r-release-macos-x86_64 | 0.9-16 | 133.00 | NOTE | |||
r-release-windows-x86_64 | 0.9-18 | 105.00 | 170.00 | 275.00 | OK | |
r-oldrel-macos-arm64 | 0.9-18 | 77.00 | NOTE | |||
r-oldrel-macos-x86_64 | 0.9-18 | 91.00 | NOTE | |||
r-oldrel-windows-x86_64 | 0.9-18 | 91.00 | 153.00 | 244.00 | OK |
Version: 0.9-18
Check: installed package size
Result: NOTE
installed size is 8.5Mb
sub-directories of 1Mb or more:
libs 7.2Mb
Flavors: r-release-macos-arm64, r-oldrel-macos-arm64, r-oldrel-macos-x86_64
Version: 0.9-16
Check: installed package size
Result: NOTE
installed size is 8.4Mb
sub-directories of 1Mb or more:
libs 7.1Mb
Flavor: r-release-macos-x86_64