Last updated on 2024-03-28 23:55:05 CET.
Flavor | Version | Tinstall | Tcheck | Ttotal | Status | Flags |
---|---|---|---|---|---|---|
r-devel-linux-x86_64-debian-clang | 0.1.0 | 2.47 | 46.28 | 48.75 | NOTE | |
r-devel-linux-x86_64-debian-gcc | 0.1.0 | 1.86 | 34.43 | 36.29 | NOTE | |
r-devel-linux-x86_64-fedora-clang | 0.1.0 | 60.24 | NOTE | |||
r-devel-linux-x86_64-fedora-gcc | 0.1.0 | 57.99 | NOTE | |||
r-devel-windows-x86_64 | 0.1.0 | 3.00 | 55.00 | 58.00 | NOTE | |
r-patched-linux-x86_64 | 0.1.0 | 1.56 | 46.52 | 48.08 | NOTE | |
r-release-linux-x86_64 | 0.1.0 | 2.36 | 45.25 | 47.61 | NOTE | |
r-release-macos-arm64 | 0.1.0 | 25.00 | NOTE | |||
r-release-macos-x86_64 | 0.1.0 | 34.00 | NOTE | |||
r-release-windows-x86_64 | 0.1.0 | 3.00 | 63.00 | 66.00 | NOTE | |
r-oldrel-macos-arm64 | 0.1.0 | 26.00 | NOTE | |||
r-oldrel-windows-x86_64 | 0.1.0 | 4.00 | 69.00 | 73.00 | NOTE |
Version: 0.1.0
Check: LazyData
Result: NOTE
'LazyData' is specified without a 'data' directory
Flavors: r-devel-linux-x86_64-debian-clang, r-devel-linux-x86_64-debian-gcc, r-devel-linux-x86_64-fedora-clang, r-devel-linux-x86_64-fedora-gcc, r-devel-windows-x86_64, r-patched-linux-x86_64, r-release-linux-x86_64, r-release-macos-arm64, r-release-macos-x86_64, r-release-windows-x86_64, r-oldrel-macos-arm64, r-oldrel-windows-x86_64