Last updated on 2024-03-27 23:59:42 CET.
Flavor | Version | Tinstall | Tcheck | Ttotal | Status | Flags |
---|---|---|---|---|---|---|
r-devel-linux-x86_64-debian-clang | 1.0.3.1 | 12.55 | 31.63 | 44.18 | OK | |
r-devel-linux-x86_64-debian-gcc | 1.0.3.1 | 9.96 | 24.48 | 34.44 | OK | |
r-devel-linux-x86_64-fedora-clang | 1.0.3.1 | 57.54 | NOTE | |||
r-devel-linux-x86_64-fedora-gcc | 1.0.3.1 | 53.85 | OK | |||
r-devel-windows-x86_64 | 1.0.3.1 | 16.00 | 57.00 | 73.00 | NOTE | |
r-patched-linux-x86_64 | 1.0.3.1 | 13.53 | 31.21 | 44.74 | OK | |
r-release-linux-x86_64 | 1.0.3.1 | 10.42 | 30.58 | 41.00 | OK | |
r-release-macos-arm64 | 1.0.3.1 | 25.00 | NOTE | |||
r-release-macos-x86_64 | 1.0.3.1 | 40.00 | NOTE | |||
r-release-windows-x86_64 | 1.0.3.1 | 20.00 | 67.00 | 87.00 | NOTE | |
r-oldrel-macos-arm64 | 1.0.3.1 | 26.00 | NOTE | |||
r-oldrel-windows-x86_64 | 1.0.3.1 | 22.00 | 70.00 | 92.00 | NOTE |
Version: 1.0.3.1
Check: installed package size
Result: NOTE
installed size is 16.6Mb
sub-directories of 1Mb or more:
include 16.3Mb
Flavors: r-devel-linux-x86_64-fedora-clang, r-devel-windows-x86_64, r-release-macos-arm64, r-release-macos-x86_64, r-release-windows-x86_64, r-oldrel-macos-arm64, r-oldrel-windows-x86_64