CRAN Package Check Results for Package dma

Last updated on 2024-05-26 22:49:00 CEST.

Flavor Version Tinstall Tcheck Ttotal Status Flags
r-devel-linux-x86_64-debian-clang 1.4-0 2.06 37.21 39.27 NOTE
r-devel-linux-x86_64-debian-gcc 1.4-0 2.35 28.84 31.19 NOTE
r-devel-linux-x86_64-fedora-clang 1.4-0 52.92 NOTE
r-devel-linux-x86_64-fedora-gcc 1.4-0 47.66 NOTE
r-devel-windows-x86_64 1.4-0 3.00 53.00 56.00 NOTE
r-patched-linux-x86_64 1.4-0 2.92 36.80 39.72 NOTE
r-release-linux-x86_64 1.4-0 3.08 36.94 40.02 NOTE
r-release-macos-arm64 1.4-0 19.00 NOTE
r-release-windows-x86_64 1.4-0 3.00 55.00 58.00 NOTE
r-oldrel-macos-arm64 1.4-0 22.00 OK
r-oldrel-macos-x86_64 1.4-0 28.00 OK
r-oldrel-windows-x86_64 1.4-0 3.00 53.00 56.00 OK

Check Details

Version: 1.4-0
Check: Rd files
Result: NOTE checkRd: (-1) dma.Rd:47: Lost braces; missing escapes or markup? 47 | When y_t is controlled, only y_{t-delay-1} and before | ^ checkRd: (-1) dma.Rd:64: Lost braces; missing escapes or markup? 64 | estimate of theta_{j-1} for model k at t} | ^ checkRd: (-1) dma.Rd:66: Lost braces; missing escapes or markup? 66 | variance of theta_{j-1} for model k at t} | ^ checkRd: (-1) dma.Rd:68: Lost braces; missing escapes or markup? 68 | estimate of theta_{j-1} at t} | ^ checkRd: (-1) dma.Rd:70: Lost braces; missing escapes or markup? 70 | variance of thetahat_{j-1} at t} | ^ Flavors: r-devel-linux-x86_64-debian-clang, r-devel-linux-x86_64-debian-gcc, r-devel-linux-x86_64-fedora-clang, r-devel-linux-x86_64-fedora-gcc, r-devel-windows-x86_64, r-patched-linux-x86_64, r-release-linux-x86_64, r-release-macos-arm64, r-release-windows-x86_64