CRAN Package Check Results for Package dmbc

Last updated on 2021-12-02 16:51:55 CET.

Flavor Version Tinstall Tcheck Ttotal Status Flags
r-devel-linux-x86_64-debian-clang 1.0.0 93.28 90.17 183.45 OK
r-devel-linux-x86_64-debian-gcc 1.0.0 66.70 66.67 133.37 OK
r-devel-linux-x86_64-fedora-clang 1.0.0 272.80 NOTE
r-devel-linux-x86_64-fedora-gcc 1.0.0 236.55 NOTE
r-devel-windows-x86_64-new-UL 1.0.0 132.00 162.00 294.00 OK
r-devel-windows-x86_64-new-TK 1.0.0 NOTE
r-devel-windows-x86_64-old 1.0.0 133.00 90.00 223.00 OK
r-patched-linux-x86_64 1.0.0 94.17 83.03 177.20 OK
r-patched-solaris-x86 1.0.0 237.30 NOTE
r-release-linux-x86_64 1.0.0 79.99 84.07 164.06 OK
r-release-macos-arm64 1.0.0 NOTE
r-release-macos-x86_64 1.0.0 NOTE
r-release-windows-ix86+x86_64 1.0.0 221.00 163.00 384.00 OK
r-oldrel-macos-x86_64 1.0.0 NOTE
r-oldrel-windows-ix86+x86_64 1.0.0 242.00 161.00 403.00 OK

Check Details

Version: 1.0.0
Check: dependencies in R code
Result: NOTE
    Namespace in Imports field not imported from: ‘ggrepel’
     All declared Imports should be used.
Flavors: r-devel-linux-x86_64-fedora-clang, r-devel-linux-x86_64-fedora-gcc, r-devel-windows-x86_64-new-TK, r-patched-solaris-x86, r-release-macos-arm64, r-release-macos-x86_64, r-oldrel-macos-x86_64