CRAN Package Check Results for Package dnr

Last updated on 2021-10-22 00:50:23 CEST.

Flavor Version Tinstall Tcheck Ttotal Status Flags
r-devel-linux-x86_64-debian-clang 0.3.5 13.41 191.73 205.14 OK
r-devel-linux-x86_64-debian-gcc 0.3.5 12.24 135.44 147.68 OK
r-devel-linux-x86_64-fedora-clang 0.3.5 250.38 OK
r-devel-linux-x86_64-fedora-gcc 0.3.5 241.84 OK
r-devel-windows-x86_64 0.3.5 21.00 231.00 252.00 OK
r-devel-windows-x86_64-gcc10-UCRT 0.3.5 ERROR
r-patched-linux-x86_64 0.3.5 13.92 180.33 194.25 OK
r-patched-solaris-x86 0.3.5 421.60 OK
r-release-linux-x86_64 0.3.5 12.17 183.05 195.22 OK
r-release-macos-arm64 0.3.5 OK
r-release-macos-x86_64 0.3.5 OK
r-release-windows-ix86+x86_64 0.3.5 32.00 239.00 271.00 OK
r-oldrel-macos-x86_64 0.3.5 OK
r-oldrel-windows-ix86+x86_64 0.3.5 30.00 244.00 274.00 OK

Check Details

Version: 0.3.5
Check: package dependencies
Result: ERROR
    Package required but not available: 'igraph'
    
    See section 'The DESCRIPTION file' in the 'Writing R Extensions'
    manual.
Flavor: r-devel-windows-x86_64-gcc10-UCRT