CRAN Package Check Results for Package doRNG

Last updated on 2023-10-01 00:54:26 CEST.

Flavor Version Tinstall Tcheck Ttotal Status Flags
r-devel-linux-x86_64-debian-clang 1.8.6 2.63 53.64 56.27 OK
r-devel-linux-x86_64-debian-gcc 1.8.6 1.75 42.65 44.40 OK
r-devel-linux-x86_64-fedora-clang 1.8.6 69.57 OK
r-devel-linux-x86_64-fedora-gcc 1.8.6 79.88 OK
r-devel-windows-x86_64 1.8.6 4.00 99.00 103.00 OK
r-patched-linux-x86_64 1.8.6 4.76 52.99 57.75 OK
r-release-linux-x86_64 1.8.6 2.75 53.16 55.91 OK
r-release-macos-arm64 1.8.6 89.00 NOTE
r-release-macos-x86_64 1.8.6 145.00 NOTE
r-release-windows-x86_64 1.8.6 4.00 103.00 107.00 OK
r-oldrel-macos-arm64 1.8.6 84.00 NOTE
r-oldrel-macos-x86_64 1.8.6 118.00 NOTE
r-oldrel-windows-x86_64 1.8.6 5.00 101.00 106.00 OK

Check Details

Version: 1.8.6
Check: package dependencies
Result: NOTE
    Package suggested but not available for checking: ‘doMPI’
Flavors: r-release-macos-arm64, r-release-macos-x86_64, r-oldrel-macos-arm64, r-oldrel-macos-x86_64

Version: 1.8.6
Check: Rd cross-references
Result: NOTE
    Package unavailable to check Rd xrefs: ‘doMPI’
Flavors: r-release-macos-arm64, r-release-macos-x86_64, r-oldrel-macos-arm64, r-oldrel-macos-x86_64