CRAN Package Check Results for Package doRNG

Last updated on 2024-06-15 00:54:04 CEST.

Flavor Version Tinstall Tcheck Ttotal Status Flags
r-devel-linux-x86_64-debian-clang 1.8.6 2.85 56.28 59.13 OK
r-devel-linux-x86_64-debian-gcc 1.8.6 1.66 44.49 46.15 OK
r-devel-linux-x86_64-fedora-clang 1.8.6 74.78 OK
r-devel-linux-x86_64-fedora-gcc 1.8.6 84.95 OK
r-devel-windows-x86_64 1.8.6 3.00 104.00 107.00 OK
r-patched-linux-x86_64 1.8.6 4.27 55.43 59.70 OK
r-release-linux-x86_64 1.8.6 2.50 54.69 57.19 OK
r-release-macos-arm64 1.8.6 82.00 NOTE
r-release-macos-x86_64 1.8.6 85.00 WARN
r-release-windows-x86_64 1.8.6 3.00 100.00 103.00 OK
r-oldrel-macos-arm64 1.8.6 89.00 NOTE
r-oldrel-macos-x86_64 1.8.6 145.00 NOTE
r-oldrel-windows-x86_64 1.8.6 4.00 104.00 108.00 OK

Check Details

Version: 1.8.6
Check: package dependencies
Result: NOTE Package suggested but not available for checking: ‘doMPI’ Flavors: r-release-macos-arm64, r-release-macos-x86_64, r-oldrel-macos-arm64, r-oldrel-macos-x86_64

Version: 1.8.6
Check: Rd cross-references
Result: NOTE Package unavailable to check Rd xrefs: ‘doMPI’ Flavors: r-release-macos-arm64, r-release-macos-x86_64, r-oldrel-macos-arm64, r-oldrel-macos-x86_64

Version: 1.8.6
Check: re-building of vignette outputs
Result: WARN Error(s) in re-building vignettes: --- re-building ‘doRNG.Rnw’ using knitr Error in citation(x) : there is no package called 'doMPI' Converted 5 of 6 package citations to BibTeX Writing 5 Bibtex entries ... OK Results written to file 'Rpackages.bib' Error: processing vignette 'doRNG.Rnw' failed with diagnostics: Running 'texi2dvi' on 'doRNG.tex' failed. LaTeX errors: ! Undefined control sequence. l.160 \hlkwd{library}\hldef {(doParallel)} ? ! Emergency stop. ! Emergency stop. l.160 End of file on the terminal! ! ==> Fatal error occurred, no output PDF file produced! --- failed re-building ‘doRNG.Rnw’ SUMMARY: processing the following file failed: ‘doRNG.Rnw’ Error: Vignette re-building failed. Execution halted Flavor: r-release-macos-x86_64