Last updated on 2024-04-24 00:55:40 CEST.
Flavor | Version | Tinstall | Tcheck | Ttotal | Status | Flags |
---|---|---|---|---|---|---|
r-devel-linux-x86_64-debian-clang | 0.3.0 | 3.22 | 31.90 | 35.12 | OK | |
r-devel-linux-x86_64-debian-gcc | 0.3.0 | 2.82 | 24.84 | 27.66 | OK | |
r-devel-linux-x86_64-fedora-clang | 0.3.0 | 48.98 | NOTE | |||
r-devel-linux-x86_64-fedora-gcc | 0.3.0 | 58.58 | NOTE | |||
r-prerel-macos-arm64 | 0.3.0 | 25.00 | OK | |||
r-prerel-windows-x86_64 | 0.3.0 | 5.00 | 47.00 | 52.00 | OK | |
r-patched-linux-x86_64 | 0.3.0 | 3.41 | 31.41 | 34.82 | OK | |
r-release-linux-x86_64 | 0.3.0 | 3.61 | 29.17 | 32.78 | OK | |
r-release-macos-arm64 | 0.3.0 | 24.00 | OK | |||
r-release-macos-x86_64 | 0.3.0 | 34.00 | OK | |||
r-release-windows-x86_64 | 0.3.0 | 6.00 | 47.00 | 53.00 | OK | |
r-oldrel-macos-arm64 | 0.3.0 | 20.00 | OK | |||
r-oldrel-windows-x86_64 | 0.3.0 | 6.00 | 58.00 | 64.00 | OK |
Version: 0.3.0
Check: dependencies in R code
Result: NOTE
Namespaces in Imports field not imported from:
‘DT’ ‘DoseFinding’ ‘Rsolnp’ ‘ggplot2’ ‘kableExtra’ ‘knitr’
‘latticeExtra’ ‘purrr’ ‘readxl’ ‘shinyBS’ ‘shinyWidgets’ ‘shinyjs’
‘stringr’ ‘utils’
All declared Imports should be used.
Flavors: r-devel-linux-x86_64-fedora-clang, r-devel-linux-x86_64-fedora-gcc