Last updated on 2024-07-18 08:51:07 CEST.
Flavor | Version | Tinstall | Tcheck | Ttotal | Status | Flags |
---|---|---|---|---|---|---|
r-devel-linux-x86_64-debian-clang | 0.3.0 | 3.78 | 31.86 | 35.64 | OK | |
r-devel-linux-x86_64-debian-gcc | 0.3.0 | 2.69 | 24.17 | 26.86 | OK | |
r-devel-linux-x86_64-fedora-clang | 0.3.0 | 46.90 | NOTE | |||
r-devel-linux-x86_64-fedora-gcc | 0.3.0 | 55.99 | NOTE | |||
r-devel-windows-x86_64 | 0.3.0 | 6.00 | 48.00 | 54.00 | OK | |
r-patched-linux-x86_64 | 0.3.0 | 3.84 | 30.76 | 34.60 | OK | |
r-release-linux-x86_64 | 0.3.0 | 2.32 | 30.59 | 32.91 | OK | |
r-release-macos-arm64 | 0.3.0 | 25.00 | OK | |||
r-release-macos-x86_64 | 0.3.0 | 36.00 | OK | |||
r-release-windows-x86_64 | 0.3.0 | 6.00 | 46.00 | 52.00 | OK | |
r-oldrel-macos-arm64 | 0.3.0 | 24.00 | OK | |||
r-oldrel-macos-x86_64 | 0.3.0 | 34.00 | OK | |||
r-oldrel-windows-x86_64 | 0.3.0 | 6.00 | 49.00 | 55.00 | OK |
Version: 0.3.0
Check: dependencies in R code
Result: NOTE
Namespaces in Imports field not imported from:
‘DT’ ‘DoseFinding’ ‘Rsolnp’ ‘ggplot2’ ‘kableExtra’ ‘knitr’
‘latticeExtra’ ‘purrr’ ‘readxl’ ‘shinyBS’ ‘shinyWidgets’ ‘shinyjs’
‘stringr’ ‘utils’
All declared Imports should be used.
Flavors: r-devel-linux-x86_64-fedora-clang, r-devel-linux-x86_64-fedora-gcc