CRAN Package Check Results for Package dosedesignR

Last updated on 2023-06-10 00:54:43 CEST.

Flavor Version Tinstall Tcheck Ttotal Status Flags
r-devel-linux-x86_64-debian-clang 0.3.0 2.89 29.78 32.67 OK
r-devel-linux-x86_64-debian-gcc 0.3.0 3.05 23.49 26.54 OK
r-devel-linux-x86_64-fedora-clang 0.3.0 43.18 NOTE
r-devel-linux-x86_64-fedora-gcc 0.3.0 52.51 NOTE
r-devel-windows-x86_64 0.3.0 6.00 47.00 53.00 OK
r-patched-linux-x86_64 0.3.0 2.77 28.85 31.62 OK
r-release-linux-x86_64 0.3.0 3.59 28.57 32.16 OK
r-release-macos-arm64 0.3.0 24.00 OK
r-release-macos-x86_64 0.3.0 34.00 OK
r-release-windows-x86_64 0.3.0 6.00 50.00 56.00 OK
r-oldrel-macos-arm64 0.3.0 20.00 OK
r-oldrel-macos-x86_64 0.3.0 30.00 OK
r-oldrel-windows-x86_64 0.3.0 6.00 56.00 62.00 OK

Check Details

Version: 0.3.0
Check: dependencies in R code
Result: NOTE
    Namespaces in Imports field not imported from:
     ‘DT’ ‘DoseFinding’ ‘Rsolnp’ ‘ggplot2’ ‘kableExtra’ ‘knitr’
     ‘latticeExtra’ ‘purrr’ ‘readxl’ ‘shinyBS’ ‘shinyWidgets’ ‘shinyjs’
     ‘stringr’ ‘utils’
     All declared Imports should be used.
Flavors: r-devel-linux-x86_64-fedora-clang, r-devel-linux-x86_64-fedora-gcc