Last updated on 2023-11-28 08:56:23 CET.
Flavor | Version | Tinstall | Tcheck | Ttotal | Status | Flags |
---|---|---|---|---|---|---|
r-devel-linux-x86_64-debian-clang | 0.3.0 | 3.99 | 30.44 | 34.43 | OK | |
r-devel-linux-x86_64-debian-gcc | 0.3.0 | 3.02 | 23.45 | 26.47 | OK | |
r-devel-linux-x86_64-fedora-clang | 0.3.0 | 44.15 | NOTE | |||
r-devel-linux-x86_64-fedora-gcc | 0.3.0 | 53.31 | NOTE | |||
r-devel-windows-x86_64 | 0.3.0 | 5.00 | 48.00 | 53.00 | OK | |
r-patched-linux-x86_64 | 0.3.0 | 2.47 | 29.72 | 32.19 | OK | |
r-release-linux-x86_64 | 0.3.0 | 2.73 | 29.46 | 32.19 | OK | |
r-release-macos-arm64 | 0.3.0 | 24.00 | OK | |||
r-release-macos-x86_64 | 0.3.0 | 34.00 | OK | |||
r-release-windows-x86_64 | 0.3.0 | 6.00 | 51.00 | 57.00 | OK | |
r-oldrel-macos-arm64 | 0.3.0 | 20.00 | OK | |||
r-oldrel-macos-x86_64 | 0.3.0 | 30.00 | OK | |||
r-oldrel-windows-x86_64 | 0.3.0 | 7.00 | 61.00 | 68.00 | OK |
Version: 0.3.0
Check: dependencies in R code
Result: NOTE
Namespaces in Imports field not imported from:
‘DT’ ‘DoseFinding’ ‘Rsolnp’ ‘ggplot2’ ‘kableExtra’ ‘knitr’
‘latticeExtra’ ‘purrr’ ‘readxl’ ‘shinyBS’ ‘shinyWidgets’ ‘shinyjs’
‘stringr’ ‘utils’
All declared Imports should be used.
Flavors: r-devel-linux-x86_64-fedora-clang, r-devel-linux-x86_64-fedora-gcc