Last updated on 2024-04-25 07:59:50 CEST.
Flavor | Version | Tinstall | Tcheck | Ttotal | Status | Flags |
---|---|---|---|---|---|---|
r-devel-linux-x86_64-debian-clang | 0.0.2 | 5.66 | 117.40 | 123.06 | OK | |
r-devel-linux-x86_64-debian-gcc | 0.0.2 | 3.70 | 87.01 | 90.71 | OK | |
r-devel-linux-x86_64-fedora-clang | 0.0.2 | 158.24 | NOTE | |||
r-devel-linux-x86_64-fedora-gcc | 0.0.2 | 164.71 | NOTE | |||
r-devel-windows-x86_64 | 0.0.2 | 7.00 | 107.00 | 114.00 | OK | |
r-patched-linux-x86_64 | 0.0.2 | 5.10 | 112.09 | 117.19 | OK | |
r-release-linux-x86_64 | 0.0.2 | 5.32 | 114.48 | 119.80 | OK | |
r-release-macos-arm64 | 0.0.2 | 49.00 | OK | |||
r-release-windows-x86_64 | 0.0.2 | 6.00 | 106.00 | 112.00 | OK | |
r-oldrel-macos-arm64 | 0.0.2 | 50.00 | OK | |||
r-oldrel-macos-x86_64 | 0.0.2 | 94.00 | OK | |||
r-oldrel-windows-x86_64 | 0.0.2 | 8.00 | 127.00 | 135.00 | OK |
Version: 0.0.2
Check: data for non-ASCII characters
Result: NOTE
Note: found 2 marked UTF-8 strings
Flavors: r-devel-linux-x86_64-fedora-clang, r-devel-linux-x86_64-fedora-gcc