CRAN Package Check Results for Package downlit

Last updated on 2021-10-25 12:59:24 CEST.

Flavor Version Tinstall Tcheck Ttotal Status Flags
r-devel-linux-x86_64-debian-clang 0.2.1 3.41 35.90 39.31 NOTE
r-devel-linux-x86_64-debian-gcc 0.2.1 2.44 28.00 30.44 NOTE
r-devel-linux-x86_64-fedora-clang 0.2.1 57.48 NOTE
r-devel-linux-x86_64-fedora-gcc 0.2.1 47.36 NOTE
r-devel-windows-x86_64 0.2.1 5.00 60.00 65.00 NOTE
r-devel-windows-x86_64-gcc10-UCRT 0.2.1 NOTE
r-patched-linux-x86_64 0.2.1 3.69 35.01 38.70 NOTE
r-patched-solaris-x86 0.2.1 68.90 NOTE
r-release-linux-x86_64 0.2.1 2.55 35.03 37.58 NOTE
r-release-macos-arm64 0.2.1 NOTE
r-release-macos-x86_64 0.2.1 NOTE
r-release-windows-ix86+x86_64 0.2.1 5.00 55.00 60.00 NOTE
r-oldrel-macos-x86_64 0.2.1 OK
r-oldrel-windows-ix86+x86_64 0.2.1 7.00 56.00 63.00 OK

Check Details

Version: 0.2.1
Check: LazyData
Result: NOTE
     'LazyData' is specified without a 'data' directory
Flavors: r-devel-linux-x86_64-debian-clang, r-devel-linux-x86_64-debian-gcc, r-devel-linux-x86_64-fedora-clang, r-devel-linux-x86_64-fedora-gcc, r-devel-windows-x86_64, r-devel-windows-x86_64-gcc10-UCRT, r-patched-linux-x86_64, r-patched-solaris-x86, r-release-linux-x86_64, r-release-macos-arm64, r-release-macos-x86_64, r-release-windows-ix86+x86_64