CRAN Package Check Results for Package downloader

Last updated on 2024-07-16 00:55:58 CEST.

Flavor Version Tinstall Tcheck Ttotal Status Flags
r-devel-linux-x86_64-debian-clang 0.4 1.49 22.93 24.42 OK
r-devel-linux-x86_64-debian-gcc 0.4 1.47 18.19 19.66 OK
r-devel-linux-x86_64-fedora-clang 0.4 33.41 OK
r-devel-linux-x86_64-fedora-gcc 0.4 30.73 OK
r-devel-windows-x86_64 0.4 2.00 46.00 48.00 NOTE
r-patched-linux-x86_64 0.4 1.82 22.38 24.20 OK
r-release-linux-x86_64 0.4 1.79 21.96 23.75 OK
r-release-macos-arm64 0.4 15.00 OK
r-release-macos-x86_64 0.4 21.00 OK
r-release-windows-x86_64 0.4 3.00 46.00 49.00 OK
r-oldrel-macos-arm64 0.4 19.00 OK
r-oldrel-macos-x86_64 0.4 22.00 OK
r-oldrel-windows-x86_64 0.4 4.00 45.00 49.00 OK

Check Details

Version: 0.4
Check: Rd cross-references
Result: NOTE Found the following Rd file(s) with Rd \link{} targets missing package anchors: sha_url.Rd: digest source_url.Rd: digest Please provide package anchors for all Rd \link{} targets not in the package itself and the base packages. Flavor: r-devel-windows-x86_64