CRAN Package Check Results for Package dowser

Last updated on 2021-10-24 12:58:59 CEST.

Flavor Version Tinstall Tcheck Ttotal Status Flags
r-devel-linux-x86_64-debian-clang 0.1.0 44.28 408.53 452.81 OK
r-devel-linux-x86_64-debian-gcc 0.1.0 39.83 310.04 349.87 OK
r-devel-linux-x86_64-fedora-clang 0.1.0 575.15 OK
r-devel-linux-x86_64-fedora-gcc 0.1.0 564.21 OK
r-devel-windows-x86_64 0.1.0 72.00 508.00 580.00 OK
r-devel-windows-x86_64-gcc10-UCRT 0.1.0 OK
r-patched-linux-x86_64 0.1.0 53.79 425.67 479.46 OK
r-patched-solaris-x86 0.1.0 795.20 OK
r-release-linux-x86_64 0.1.0 40.19 424.38 464.57 OK
r-release-macos-arm64 0.1.0 OK
r-release-macos-x86_64 0.1.0 ERROR
r-release-windows-ix86+x86_64 0.1.0 68.00 541.00 609.00 OK
r-oldrel-macos-x86_64 0.1.0 ERROR
r-oldrel-windows-ix86+x86_64 0.1.0 9.00 8.00 17.00 ERROR

Check Details

Version: 0.1.0
Check: package dependencies
Result: ERROR
    Package required but not available: ‘ggtree’
    
    See section ‘The DESCRIPTION file’ in the ‘Writing R Extensions’
    manual.
Flavors: r-release-macos-x86_64, r-oldrel-macos-x86_64

Version: 0.1.0
Check: whether package can be installed
Result: ERROR
    Installation failed.
Flavor: r-oldrel-windows-ix86+x86_64