CRAN Package Check Results for Package dragon

Last updated on 2021-09-26 08:50:09 CEST.

Flavor Version Tinstall Tcheck Ttotal Status Flags
r-devel-linux-x86_64-debian-clang 1.2.0 25.58 115.39 140.97 OK
r-devel-linux-x86_64-debian-gcc 1.2.0 23.17 88.67 111.84 OK
r-devel-linux-x86_64-fedora-clang 1.2.0 177.68 NOTE
r-devel-linux-x86_64-fedora-gcc 1.2.0 169.18 NOTE
r-devel-windows-x86_64 1.2.0 30.00 118.00 148.00 OK
r-devel-windows-x86_64-gcc10-UCRT 1.2.0 NOTE
r-patched-linux-x86_64 1.2.0 24.29 110.14 134.43 OK
r-patched-solaris-x86 1.2.0 271.00 NOTE
r-release-linux-x86_64 1.2.0 24.13 111.38 135.51 OK
r-release-macos-arm64 1.2.0 NOTE
r-release-macos-x86_64 1.2.0 NOTE
r-release-windows-ix86+x86_64 1.2.0 50.00 113.00 163.00 OK
r-oldrel-macos-x86_64 1.2.0 NOTE
r-oldrel-windows-ix86+x86_64 1.2.0 38.00 98.00 136.00 OK

Check Details

Version: 1.2.0
Check: package dependencies
Result: NOTE
    Imports includes 32 non-default packages.
    Importing from so many packages makes the package vulnerable to any of
    them becoming unavailable. Move as many as possible to Suggests and
    use conditionally.
Flavor: r-devel-linux-x86_64-fedora-clang

Version: 1.2.0
Check: dependencies in R code
Result: NOTE
    Namespace in Imports field not imported from: ‘htmltools’
     All declared Imports should be used.
Flavors: r-devel-linux-x86_64-fedora-clang, r-devel-linux-x86_64-fedora-gcc, r-devel-windows-x86_64-gcc10-UCRT, r-patched-solaris-x86, r-release-macos-arm64, r-release-macos-x86_64, r-oldrel-macos-x86_64