CRAN Package Check Results for Package dragulaR

Last updated on 2023-02-04 01:54:16 CET.

Flavor Version Tinstall Tcheck Ttotal Status Flags
r-devel-linux-x86_64-debian-clang 0.3.1 3.51 36.65 40.16 NOTE
r-devel-linux-x86_64-debian-gcc 0.3.1 3.16 28.94 32.10 NOTE
r-devel-linux-x86_64-fedora-clang 0.3.1 51.94 NOTE
r-devel-linux-x86_64-fedora-gcc 0.3.1 50.48 NOTE
r-devel-windows-x86_64 0.3.1 23.00 75.00 98.00 NOTE
r-patched-linux-x86_64 0.3.1 3.51 37.69 41.20 NOTE
r-release-linux-x86_64 0.3.1 3.82 38.16 41.98 NOTE
r-release-macos-arm64 0.3.1 18.00 NOTE
r-release-macos-x86_64 0.3.1 38.00 NOTE
r-release-windows-x86_64 0.3.1 26.00 72.00 98.00 NOTE
r-oldrel-macos-arm64 0.3.1 23.00 NOTE
r-oldrel-macos-x86_64 0.3.1 36.00 NOTE
r-oldrel-windows-ix86+x86_64 0.3.1 12.00 67.00 79.00 NOTE

Check Details

Version: 0.3.1
Check: LazyData
Result: NOTE
     'LazyData' is specified without a 'data' directory
Flavors: r-devel-linux-x86_64-debian-clang, r-devel-linux-x86_64-debian-gcc, r-devel-linux-x86_64-fedora-clang, r-devel-linux-x86_64-fedora-gcc, r-devel-windows-x86_64, r-patched-linux-x86_64, r-release-linux-x86_64, r-release-macos-arm64, r-release-macos-x86_64, r-release-windows-x86_64, r-oldrel-macos-arm64, r-oldrel-macos-x86_64, r-oldrel-windows-ix86+x86_64