CRAN Package Check Results for Package drat

Last updated on 2021-12-04 04:52:22 CET.

Flavor Version Tinstall Tcheck Ttotal Status Flags
r-devel-linux-x86_64-debian-clang 0.2.1 2.22 40.08 42.30 OK
r-devel-linux-x86_64-debian-gcc 0.2.2 2.02 31.14 33.16 OK
r-devel-linux-x86_64-fedora-clang 0.2.2 42.74 OK
r-devel-linux-x86_64-fedora-gcc 0.2.2 50.81 OK
r-devel-windows-x86_64-new-UL 0.2.2 8.00 152.00 160.00 OK
r-devel-windows-x86_64-new-TK 0.2.1 OK
r-devel-windows-x86_64-old 0.2.2 5.00 70.00 75.00 OK
r-patched-linux-x86_64 0.2.2 2.77 39.31 42.08 OK
r-release-linux-x86_64 0.2.1 2.50 40.49 42.99 OK
r-release-macos-arm64 0.2.2 OK
r-release-macos-x86_64 0.2.2 NOTE
r-release-windows-ix86+x86_64 0.2.2 5.00 60.00 65.00 OK
r-oldrel-macos-x86_64 0.2.2 NOTE
r-oldrel-windows-ix86+x86_64 0.2.1 6.00 86.00 92.00 OK

Check Details

Version: 0.2.2
Check: re-building of vignette outputs
Result: NOTE
    Error(s) in re-building vignettes:
    --- re-building ‘CombiningDratAndTravis.md’ using mdweave_to_html
    Cannot find pandoc. Not able to weave vignette.
    Error: processing vignette 'CombiningDratAndTravis.md' failed with diagnostics:
    Failed to locate ‘weave’ output file ‘CombiningDratAndTravis.pdf’ or ‘CombiningDratAndTravis.html’ for vignette with name ‘CombiningDratAndTravis’ and engine ‘simplermarkdown::mdweave_to_html’. The following files exist in working directory ‘/Volumes/Builds/packages/high-sierra-x86_64/results/4.1/drat.Rcheck/vign_test/drat/vignettes’: ‘CombiningDratAndTravis.md’ (3570 bytes), ‘DratFAQ.md’ (7091 bytes), ‘DratForPackageAuthors.md’ (6514 bytes), ‘DratForPackageUsers.md’ (2796 bytes), ‘DratStepByStep.md’ (8217 bytes), ‘WhyDrat.md’ (4005 bytes), ‘water.css’ (1193 bytes)
    --- failed re-building ‘CombiningDratAndTravis.md’
    
    --- re-building ‘DratFAQ.md’ using mdweave_to_html
    Cannot find pandoc. Not able to weave vignette.
    Error: processing vignette 'DratFAQ.md' failed with diagnostics:
    Failed to locate ‘weave’ output file ‘DratFAQ.pdf’ or ‘DratFAQ.html’ for vignette with name ‘DratFAQ’ and engine ‘simplermarkdown::mdweave_to_html’. The following files exist in working directory ‘/Volumes/Builds/packages/high-sierra-x86_64/results/4.1/drat.Rcheck/vign_test/drat/vignettes’: ‘CombiningDratAndTravis.md’ (3570 bytes), ‘DratFAQ.md’ (7091 bytes), ‘DratForPackageAuthors.md’ (6514 bytes), ‘DratForPackageUsers.md’ (2796 bytes), ‘DratStepByStep.md’ (8217 bytes), ‘WhyDrat.md’ (4005 bytes), ‘water.css’ (1193 bytes)
    --- failed re-building ‘DratFAQ.md’
    
    --- re-building ‘DratForPackageAuthors.md’ using mdweave_to_html
    Cannot find pandoc. Not able to weave vignette.
    Error: processing vignette 'DratForPackageAuthors.md' failed with diagnostics:
    Failed to locate ‘weave’ output file ‘DratForPackageAuthors.pdf’ or ‘DratForPackageAuthors.html’ for vignette with name ‘DratForPackageAuthors’ and engine ‘simplermarkdown::mdweave_to_html’. The following files exist in working directory ‘/Volumes/Builds/packages/high-sierra-x86_64/results/4.1/drat.Rcheck/vign_test/drat/vignettes’: ‘CombiningDratAndTravis.md’ (3570 bytes), ‘DratFAQ.md’ (7091 bytes), ‘DratForPackageAuthors.md’ (6514 bytes), ‘DratForPackageUsers.md’ (2796 bytes), ‘DratStepByStep.md’ (8217 bytes), ‘WhyDrat.md’ (4005 bytes), ‘water.css’ (1193 bytes)
    --- failed re-building ‘DratForPackageAuthors.md’
    
    --- re-building ‘DratForPackageUsers.md’ using mdweave_to_html
    Cannot find pandoc. Not able to weave vignette.
    Error: processing vignette 'DratForPackageUsers.md' failed with diagnostics:
    Failed to locate ‘weave’ output file ‘DratForPackageUsers.pdf’ or ‘DratForPackageUsers.html’ for vignette with name ‘DratForPackageUsers’ and engine ‘simplermarkdown::mdweave_to_html’. The following files exist in working directory ‘/Volumes/Builds/packages/high-sierra-x86_64/results/4.1/drat.Rcheck/vign_test/drat/vignettes’: ‘CombiningDratAndTravis.md’ (3570 bytes), ‘DratFAQ.md’ (7091 bytes), ‘DratForPackageAuthors.md’ (6514 bytes), ‘DratForPackageUsers.md’ (2796 bytes), ‘DratStepByStep.md’ (8217 bytes), ‘WhyDrat.md’ (4005 bytes), ‘water.css’ (1193 bytes)
    --- failed re-building ‘DratForPackageUsers.md’
    
    --- re-building ‘DratStepByStep.md’ using mdweave_to_html
    Cannot find pandoc. Not able to weave vignette.
    Error: processing vignette 'DratStepByStep.md' failed with diagnostics:
    Failed to locate ‘weave’ output file ‘DratStepByStep.pdf’ or ‘DratStepByStep.html’ for vignette with name ‘DratStepByStep’ and engine ‘simplermarkdown::mdweave_to_html’. The following files exist in working directory ‘/Volumes/Builds/packages/high-sierra-x86_64/results/4.1/drat.Rcheck/vign_test/drat/vignettes’: ‘CombiningDratAndTravis.md’ (3570 bytes), ‘DratFAQ.md’ (7091 bytes), ‘DratForPackageAuthors.md’ (6514 bytes), ‘DratForPackageUsers.md’ (2796 bytes), ‘DratStepByStep.md’ (8217 bytes), ‘WhyDrat.md’ (4005 bytes), ‘water.css’ (1193 bytes)
    --- failed re-building ‘DratStepByStep.md’
    
    --- re-building ‘WhyDrat.md’ using mdweave_to_html
    Cannot find pandoc. Not able to weave vignette.
    Error: processing vignette 'WhyDrat.md' failed with diagnostics:
    Failed to locate ‘weave’ output file ‘WhyDrat.pdf’ or ‘WhyDrat.html’ for vignette with name ‘WhyDrat’ and engine ‘simplermarkdown::mdweave_to_html’. The following files exist in working directory ‘/Volumes/Builds/packages/high-sierra-x86_64/results/4.1/drat.Rcheck/vign_test/drat/vignettes’: ‘CombiningDratAndTravis.md’ (3570 bytes), ‘DratFAQ.md’ (7091 bytes), ‘DratForPackageAuthors.md’ (6514 bytes), ‘DratForPackageUsers.md’ (2796 bytes), ‘DratStepByStep.md’ (8217 bytes), ‘WhyDrat.md’ (4005 bytes), ‘water.css’ (1193 bytes)
    --- failed re-building ‘WhyDrat.md’
    
    SUMMARY: processing the following files failed:
     ‘CombiningDratAndTravis.md’ ‘DratFAQ.md’ ‘DratForPackageAuthors.md’
     ‘DratForPackageUsers.md’ ‘DratStepByStep.md’ ‘WhyDrat.md’
    
    Error: Vignette re-building failed.
    Execution halted
Flavor: r-release-macos-x86_64

Version: 0.2.2
Check: re-building of vignette outputs
Result: NOTE
    Error(s) in re-building vignettes:
    --- re-building ‘CombiningDratAndTravis.md’ using mdweave_to_html
    Cannot find pandoc. Not able to weave vignette.
    Error: processing vignette 'CombiningDratAndTravis.md' failed with diagnostics:
    Failed to locate ‘weave’ output file ‘CombiningDratAndTravis.pdf’ or ‘CombiningDratAndTravis.html’ for vignette with name ‘CombiningDratAndTravis’ and engine ‘simplermarkdown::mdweave_to_html’. The following files exist in working directory ‘/Volumes/Builds/packages/high-sierra-x86_64/results/4.0/drat.Rcheck/vign_test/drat/vignettes’: ‘CombiningDratAndTravis.md’ (3570 bytes), ‘DratFAQ.md’ (7091 bytes), ‘DratForPackageAuthors.md’ (6514 bytes), ‘DratForPackageUsers.md’ (2796 bytes), ‘DratStepByStep.md’ (8217 bytes), ‘WhyDrat.md’ (4005 bytes), ‘water.css’ (1193 bytes)
    --- failed re-building ‘CombiningDratAndTravis.md’
    
    --- re-building ‘DratFAQ.md’ using mdweave_to_html
    Cannot find pandoc. Not able to weave vignette.
    Error: processing vignette 'DratFAQ.md' failed with diagnostics:
    Failed to locate ‘weave’ output file ‘DratFAQ.pdf’ or ‘DratFAQ.html’ for vignette with name ‘DratFAQ’ and engine ‘simplermarkdown::mdweave_to_html’. The following files exist in working directory ‘/Volumes/Builds/packages/high-sierra-x86_64/results/4.0/drat.Rcheck/vign_test/drat/vignettes’: ‘CombiningDratAndTravis.md’ (3570 bytes), ‘DratFAQ.md’ (7091 bytes), ‘DratForPackageAuthors.md’ (6514 bytes), ‘DratForPackageUsers.md’ (2796 bytes), ‘DratStepByStep.md’ (8217 bytes), ‘WhyDrat.md’ (4005 bytes), ‘water.css’ (1193 bytes)
    --- failed re-building ‘DratFAQ.md’
    
    --- re-building ‘DratForPackageAuthors.md’ using mdweave_to_html
    Cannot find pandoc. Not able to weave vignette.
    Error: processing vignette 'DratForPackageAuthors.md' failed with diagnostics:
    Failed to locate ‘weave’ output file ‘DratForPackageAuthors.pdf’ or ‘DratForPackageAuthors.html’ for vignette with name ‘DratForPackageAuthors’ and engine ‘simplermarkdown::mdweave_to_html’. The following files exist in working directory ‘/Volumes/Builds/packages/high-sierra-x86_64/results/4.0/drat.Rcheck/vign_test/drat/vignettes’: ‘CombiningDratAndTravis.md’ (3570 bytes), ‘DratFAQ.md’ (7091 bytes), ‘DratForPackageAuthors.md’ (6514 bytes), ‘DratForPackageUsers.md’ (2796 bytes), ‘DratStepByStep.md’ (8217 bytes), ‘WhyDrat.md’ (4005 bytes), ‘water.css’ (1193 bytes)
    --- failed re-building ‘DratForPackageAuthors.md’
    
    --- re-building ‘DratForPackageUsers.md’ using mdweave_to_html
    Cannot find pandoc. Not able to weave vignette.
    Error: processing vignette 'DratForPackageUsers.md' failed with diagnostics:
    Failed to locate ‘weave’ output file ‘DratForPackageUsers.pdf’ or ‘DratForPackageUsers.html’ for vignette with name ‘DratForPackageUsers’ and engine ‘simplermarkdown::mdweave_to_html’. The following files exist in working directory ‘/Volumes/Builds/packages/high-sierra-x86_64/results/4.0/drat.Rcheck/vign_test/drat/vignettes’: ‘CombiningDratAndTravis.md’ (3570 bytes), ‘DratFAQ.md’ (7091 bytes), ‘DratForPackageAuthors.md’ (6514 bytes), ‘DratForPackageUsers.md’ (2796 bytes), ‘DratStepByStep.md’ (8217 bytes), ‘WhyDrat.md’ (4005 bytes), ‘water.css’ (1193 bytes)
    --- failed re-building ‘DratForPackageUsers.md’
    
    --- re-building ‘DratStepByStep.md’ using mdweave_to_html
    Cannot find pandoc. Not able to weave vignette.
    Error: processing vignette 'DratStepByStep.md' failed with diagnostics:
    Failed to locate ‘weave’ output file ‘DratStepByStep.pdf’ or ‘DratStepByStep.html’ for vignette with name ‘DratStepByStep’ and engine ‘simplermarkdown::mdweave_to_html’. The following files exist in working directory ‘/Volumes/Builds/packages/high-sierra-x86_64/results/4.0/drat.Rcheck/vign_test/drat/vignettes’: ‘CombiningDratAndTravis.md’ (3570 bytes), ‘DratFAQ.md’ (7091 bytes), ‘DratForPackageAuthors.md’ (6514 bytes), ‘DratForPackageUsers.md’ (2796 bytes), ‘DratStepByStep.md’ (8217 bytes), ‘WhyDrat.md’ (4005 bytes), ‘water.css’ (1193 bytes)
    --- failed re-building ‘DratStepByStep.md’
    
    --- re-building ‘WhyDrat.md’ using mdweave_to_html
    Cannot find pandoc. Not able to weave vignette.
    Error: processing vignette 'WhyDrat.md' failed with diagnostics:
    Failed to locate ‘weave’ output file ‘WhyDrat.pdf’ or ‘WhyDrat.html’ for vignette with name ‘WhyDrat’ and engine ‘simplermarkdown::mdweave_to_html’. The following files exist in working directory ‘/Volumes/Builds/packages/high-sierra-x86_64/results/4.0/drat.Rcheck/vign_test/drat/vignettes’: ‘CombiningDratAndTravis.md’ (3570 bytes), ‘DratFAQ.md’ (7091 bytes), ‘DratForPackageAuthors.md’ (6514 bytes), ‘DratForPackageUsers.md’ (2796 bytes), ‘DratStepByStep.md’ (8217 bytes), ‘WhyDrat.md’ (4005 bytes), ‘water.css’ (1193 bytes)
    --- failed re-building ‘WhyDrat.md’
    
    SUMMARY: processing the following files failed:
     ‘CombiningDratAndTravis.md’ ‘DratFAQ.md’ ‘DratForPackageAuthors.md’
     ‘DratForPackageUsers.md’ ‘DratStepByStep.md’ ‘WhyDrat.md’
    
    Error: Vignette re-building failed.
    Execution halted
Flavor: r-oldrel-macos-x86_64