Last updated on 2024-03-28 23:55:05 CET.
Flavor | Version | Tinstall | Tcheck | Ttotal | Status | Flags |
---|---|---|---|---|---|---|
r-devel-linux-x86_64-debian-clang | 1.0.1 | 15.26 | 116.37 | 131.63 | OK | |
r-devel-linux-x86_64-debian-gcc | 1.0.1 | 10.16 | 85.06 | 95.22 | OK | |
r-devel-linux-x86_64-fedora-clang | 1.0.1 | 173.55 | NOTE | |||
r-devel-linux-x86_64-fedora-gcc | 1.0.1 | 165.04 | OK | |||
r-devel-windows-x86_64 | 1.0.1 | 12.00 | 88.00 | 100.00 | OK | |
r-patched-linux-x86_64 | 1.0.1 | 14.56 | 113.68 | 128.24 | OK | |
r-release-linux-x86_64 | 1.0.1 | 13.56 | 113.48 | 127.04 | OK | |
r-release-macos-arm64 | 1.0.1 | 47.00 | OK | |||
r-release-macos-x86_64 | 1.0.1 | 71.00 | OK | |||
r-release-windows-x86_64 | 1.0.1 | 13.00 | 104.00 | 117.00 | OK | |
r-oldrel-macos-arm64 | 1.0.1 | 49.00 | OK | |||
r-oldrel-windows-x86_64 | 1.0.1 | 16.00 | 108.00 | 124.00 | OK |
Version: 1.0.1
Check: Rd cross-references
Result: NOTE
Undeclared package ‘SimMultiCorrData’ in Rd xrefs
Flavor: r-devel-linux-x86_64-fedora-clang