CRAN Package Check Results for Package drc

Last updated on 2024-07-16 00:55:58 CEST.

Flavor Version Tinstall Tcheck Ttotal Status Flags
r-devel-linux-x86_64-debian-clang 3.0-1 22.91 194.60 217.51 NOTE
r-devel-linux-x86_64-debian-gcc 3.0-1 19.32 138.91 158.23 NOTE
r-devel-linux-x86_64-fedora-clang 3.0-1 269.10 NOTE
r-devel-linux-x86_64-fedora-gcc 3.0-1 249.63 NOTE
r-devel-windows-x86_64 3.0-1 21.00 168.00 189.00 NOTE
r-patched-linux-x86_64 3.0-1 24.42 182.31 206.73 NOTE
r-release-linux-x86_64 3.0-1 20.77 181.79 202.56 NOTE
r-release-macos-arm64 3.0-1 63.00 NOTE
r-release-macos-x86_64 3.0-1 96.00 NOTE
r-release-windows-x86_64 3.0-1 22.00 170.00 192.00 NOTE
r-oldrel-macos-arm64 3.0-1 74.00 NOTE
r-oldrel-macos-x86_64 3.0-1 120.00 NOTE
r-oldrel-windows-x86_64 3.0-1 27.00 202.00 229.00 NOTE

Check Details

Version: 3.0-1
Check: Rd files
Result: NOTE checkRd: (-1) EDcomp.Rd:88: Escaped LaTeX specials: \& checkRd: (-1) LL.4.Rd:44: Escaped LaTeX specials: \& checkRd: (-1) W4.Rd:37: Escaped LaTeX specials: \& checkRd: (-1) algae.Rd:32: Escaped LaTeX specials: \& checkRd: (-1) anova.drc.Rd:40: Escaped LaTeX specials: \& checkRd: (-1) deguelin.Rd:33: Escaped LaTeX specials: \& checkRd: (-1) gompertz.Rd:55: Escaped LaTeX specials: \& checkRd: (-1) hatvalues.drc.Rd:43: Lost braces 43 | emph{Generalized Linear Models}, | ^ checkRd: (-1) hatvalues.drc.Rd:44: Escaped LaTeX specials: \& checkRd: (-1) llogistic.Rd:64: Escaped LaTeX specials: \& checkRd: (-1) modelFit.Rd:36: Escaped LaTeX specials: \& checkRd: (-1) weibull1.Rd:67: Escaped LaTeX specials: \& Flavors: r-devel-linux-x86_64-debian-clang, r-devel-linux-x86_64-debian-gcc, r-devel-linux-x86_64-fedora-clang, r-devel-linux-x86_64-fedora-gcc, r-devel-windows-x86_64, r-patched-linux-x86_64, r-release-linux-x86_64, r-release-macos-arm64, r-release-macos-x86_64, r-release-windows-x86_64

Version: 3.0-1
Check: Rd files
Result: NOTE checkRd: (-1) EDcomp.Rd:88: Escaped LaTeX specials: \& checkRd: (-1) LL.4.Rd:44: Escaped LaTeX specials: \& checkRd: (-1) W4.Rd:37: Escaped LaTeX specials: \& checkRd: (-1) algae.Rd:32: Escaped LaTeX specials: \& checkRd: (-1) anova.drc.Rd:40: Escaped LaTeX specials: \& checkRd: (-1) deguelin.Rd:33: Escaped LaTeX specials: \& checkRd: (-1) gompertz.Rd:55: Escaped LaTeX specials: \& checkRd: (-1) hatvalues.drc.Rd:44: Escaped LaTeX specials: \& checkRd: (-1) llogistic.Rd:64: Escaped LaTeX specials: \& checkRd: (-1) modelFit.Rd:36: Escaped LaTeX specials: \& checkRd: (-1) weibull1.Rd:67: Escaped LaTeX specials: \& Flavors: r-oldrel-macos-arm64, r-oldrel-macos-x86_64, r-oldrel-windows-x86_64