Last updated on 2022-06-27 12:53:28 CEST.
Flavor | Version | Tinstall | Tcheck | Ttotal | Status | Flags |
---|---|---|---|---|---|---|
r-devel-linux-x86_64-debian-clang | 0.0.4 | 14.41 | 130.15 | 144.56 | OK | |
r-devel-linux-x86_64-debian-gcc | 0.0.4 | 11.51 | 99.52 | 111.03 | OK | |
r-devel-linux-x86_64-fedora-clang | 0.0.4 | 183.54 | NOTE | |||
r-devel-linux-x86_64-fedora-gcc | 0.0.4 | 187.98 | OK | |||
r-devel-windows-x86_64 | 0.0.4 | 40.00 | 160.00 | 200.00 | OK | |
r-patched-linux-x86_64 | 0.0.4 | 14.31 | 123.22 | 137.53 | OK | |
r-release-linux-x86_64 | 0.0.4 | 13.51 | 126.98 | 140.49 | OK | |
r-release-macos-arm64 | 0.0.4 | 47.00 | OK | |||
r-release-macos-x86_64 | 0.0.4 | 106.00 | OK | |||
r-release-windows-x86_64 | 0.0.4 | 37.00 | 155.00 | 192.00 | OK | |
r-oldrel-macos-arm64 | 0.0.4 | 56.00 | OK | |||
r-oldrel-macos-x86_64 | 0.0.4 | 68.00 | OK | |||
r-oldrel-windows-ix86+x86_64 | 0.0.4 | 32.00 | 149.00 | 181.00 | OK |
Version: 0.0.4
Check: Rd cross-references
Result: NOTE
Undeclared package ‘data.table’ in Rd xrefs
Flavor: r-devel-linux-x86_64-fedora-clang