Last updated on 2023-06-04 08:57:08 CEST.
Flavor | Version | Tinstall | Tcheck | Ttotal | Status | Flags |
---|---|---|---|---|---|---|
r-devel-linux-x86_64-debian-clang | 0.7.5 | 4.96 | 29.63 | 34.59 | OK | |
r-devel-linux-x86_64-debian-gcc | 0.7.5 | 3.57 | 23.18 | 26.75 | OK | |
r-devel-linux-x86_64-fedora-clang | 0.7.5 | 44.16 | NOTE | |||
r-devel-linux-x86_64-fedora-gcc | 0.7.5 | 42.09 | NOTE | |||
r-devel-windows-x86_64 | 0.7.5 | 7.00 | 52.00 | 59.00 | OK | |
r-patched-linux-x86_64 | 0.7.5 | 4.92 | 28.51 | 33.43 | OK | |
r-release-linux-x86_64 | 0.7.5 | 3.46 | 29.07 | 32.53 | OK | |
r-release-macos-arm64 | 0.7.5 | 19.00 | OK | |||
r-release-macos-x86_64 | 0.7.4 | 29.00 | OK | |||
r-release-windows-x86_64 | 0.7.5 | 7.00 | 54.00 | 61.00 | OK | |
r-oldrel-macos-arm64 | 0.7.5 | 19.00 | OK | |||
r-oldrel-macos-x86_64 | 0.7.5 | 28.00 | OK | |||
r-oldrel-windows-x86_64 | 0.7.5 | 7.00 | 53.00 | 60.00 | OK |
Version: 0.7.5
Check: data for non-ASCII characters
Result: NOTE
Note: found 4891 marked UTF-8 strings
Flavors: r-devel-linux-x86_64-fedora-clang, r-devel-linux-x86_64-fedora-gcc