CRAN Package Check Results for Package dsm

Last updated on 2024-02-25 08:53:00 CET.

Flavor Version Tinstall Tcheck Ttotal Status Flags
r-devel-linux-x86_64-debian-clang 2.3.3 13.06 116.70 129.76 NOTE
r-devel-linux-x86_64-debian-gcc 2.3.3 10.59 87.60 98.19 NOTE
r-devel-linux-x86_64-fedora-clang 2.3.3 155.03 OK
r-devel-linux-x86_64-fedora-gcc 2.3.3 151.54 OK
r-devel-windows-x86_64 2.3.3 13.00 108.00 121.00 OK
r-patched-linux-x86_64 2.3.3 14.79 111.58 126.37 OK
r-release-linux-x86_64 2.3.3 8.53 110.95 119.48 OK
r-release-macos-arm64 2.3.3 51.00 OK
r-release-macos-x86_64 2.3.3 80.00 OK
r-release-windows-x86_64 2.3.3 15.00 129.00 144.00 OK
r-oldrel-macos-arm64 2.3.3 41.00 OK
r-oldrel-windows-x86_64 2.3.3 15.00 124.00 139.00 OK

Check Details

Version: 2.3.3
Check: Rd files
Result: NOTE checkRd: (-1) dsm_varprop.Rd:67: Lost braces 67 | parameter uncertainty. See Wood, Pya & S{\"a}fken (2016) for more | ^ checkRd: (-1) dsm_varprop.Rd:100: Lost braces 100 | Wood, S.N., Pya, N. and S{\"a}fken, B. (2016) Smoothing parameter and model | ^ Flavors: r-devel-linux-x86_64-debian-clang, r-devel-linux-x86_64-debian-gcc