Last updated on 2023-06-10 00:54:43 CEST.
Flavor | Version | Tinstall | Tcheck | Ttotal | Status | Flags |
---|---|---|---|---|---|---|
r-devel-linux-x86_64-debian-clang | 0.1.0 | 25.87 | 61.56 | 87.43 | NOTE | |
r-devel-linux-x86_64-debian-gcc | 0.1.0 | 17.85 | 46.09 | 63.94 | NOTE | |
r-devel-linux-x86_64-fedora-clang | 0.1.0 | 115.26 | NOTE | |||
r-devel-linux-x86_64-fedora-gcc | 0.1.0 | 108.72 | NOTE | |||
r-devel-windows-x86_64 | 0.1.0 | 21.00 | 83.00 | 104.00 | NOTE | |
r-patched-linux-x86_64 | 0.1.0 | 21.65 | 58.45 | 80.10 | NOTE | |
r-release-linux-x86_64 | 0.1.0 | 20.38 | 56.55 | 76.93 | NOTE | |
r-release-macos-arm64 | 0.1.0 | 34.00 | NOTE | |||
r-release-macos-x86_64 | 0.1.0 | 54.00 | NOTE | |||
r-release-windows-x86_64 | 0.1.0 | 27.00 | 94.00 | 121.00 | NOTE | |
r-oldrel-macos-arm64 | 0.1.0 | 35.00 | OK | |||
r-oldrel-macos-x86_64 | 0.1.0 | 43.00 | OK | |||
r-oldrel-windows-x86_64 | 0.1.0 | 26.00 | 88.00 | 114.00 | OK |
Version: 0.1.0
Check: C++ specification
Result: NOTE
Specified C++11: please drop specification unless essential
Flavors: r-devel-linux-x86_64-debian-clang, r-devel-linux-x86_64-debian-gcc, r-devel-linux-x86_64-fedora-clang, r-devel-linux-x86_64-fedora-gcc, r-devel-windows-x86_64, r-patched-linux-x86_64, r-release-linux-x86_64, r-release-macos-arm64, r-release-macos-x86_64, r-release-windows-x86_64