CRAN Package Check Results for Package duckdb

Last updated on 2021-12-02 20:51:27 CET.

Flavor Version Tinstall Tcheck Ttotal Status Flags
r-devel-linux-x86_64-debian-clang 0.3.1-1 1777.35 48.12 1825.47 OK
r-devel-linux-x86_64-debian-gcc 0.3.1-1 1122.73 37.86 1160.59 OK
r-devel-linux-x86_64-fedora-clang 0.3.1-1 2709.56 NOTE
r-devel-linux-x86_64-fedora-gcc 0.3.1-1 2417.42 OK
r-devel-windows-x86_64-new-UL 0.3.1-1 1568.00 308.00 1876.00 NOTE
r-devel-windows-x86_64-new-TK 0.3.1-1 OK
r-devel-windows-x86_64-old 0.3.1-1 1357.00 111.00 1468.00 NOTE
r-patched-linux-x86_64 0.3.1-1 1298.84 46.24 1345.08 OK
r-patched-solaris-x86 0.3.1-1 1565.60 NOTE
r-release-linux-x86_64 0.3.1-1 1287.39 45.97 1333.36 OK
r-release-macos-arm64 0.3.1-1 NOTE
r-release-macos-x86_64 0.3.1-1 NOTE
r-release-windows-ix86+x86_64 0.3.1-1 2881.00 218.00 3099.00 NOTE
r-oldrel-macos-x86_64 0.3.1-1 NOTE
r-oldrel-windows-ix86+x86_64 0.3.1-1 2722.00 200.00 2922.00 NOTE

Check Details

Version: 0.3.1-1
Check: installed package size
Result: NOTE
     installed size is 194.0Mb
     sub-directories of 1Mb or more:
     libs 193.7Mb
Flavors: r-devel-linux-x86_64-fedora-clang, r-devel-windows-x86_64-new-UL, r-devel-windows-x86_64-old, r-patched-solaris-x86, r-release-macos-arm64, r-release-macos-x86_64, r-release-windows-ix86+x86_64, r-oldrel-macos-x86_64, r-oldrel-windows-ix86+x86_64