Last updated on 2024-08-31 17:48:54 CEST.
Flavor | Version | Tinstall | Tcheck | Ttotal | Status | Flags |
---|---|---|---|---|---|---|
r-devel-linux-x86_64-debian-clang | 1.0.1 | 3.32 | 24.49 | 27.81 | OK | |
r-devel-linux-x86_64-debian-gcc | 1.0.1 | 2.43 | 18.55 | 20.98 | OK | |
r-devel-linux-x86_64-fedora-clang | 1.0.1 | 44.43 | NOTE | |||
r-devel-linux-x86_64-fedora-gcc | 1.0.1 | 42.17 | NOTE | |||
r-devel-windows-x86_64 | 1.0.1 | 5.00 | 44.00 | 49.00 | OK | |
r-patched-linux-x86_64 | 1.0.1 | 3.47 | 23.05 | 26.52 | OK | |
r-release-linux-x86_64 | 1.0.1 | 3.08 | 23.13 | 26.21 | OK | |
r-release-macos-arm64 | 1.0.1 | 18.00 | OK | |||
r-release-macos-x86_64 | 1.0.1 | 25.00 | OK | |||
r-release-windows-x86_64 | 1.0.1 | 6.00 | 53.00 | 59.00 | OK | |
r-oldrel-macos-arm64 | 1.0.1 | 18.00 | OK | |||
r-oldrel-macos-x86_64 | 1.0.1 | 29.00 | NOTE | |||
r-oldrel-windows-x86_64 | 1.0.1 | 7.00 | 48.00 | 55.00 | OK |
Version: 1.0.1
Check: dependencies in R code
Result: NOTE
Namespaces in Imports field not imported from:
‘NatureSounds’ ‘av’ ‘magrittr’ ‘stats’
All declared Imports should be used.
Flavors: r-devel-linux-x86_64-fedora-clang, r-devel-linux-x86_64-fedora-gcc
Version: 1.0.1
Check: Rd cross-references
Result: NOTE
Undeclared package ‘warbleR’ in Rd xrefs
Flavor: r-devel-linux-x86_64-fedora-clang
Version: 1.0.1
Check: Rd cross-references
Result: NOTE
Package unavailable to check Rd xrefs: ‘warbleR’
Flavor: r-oldrel-macos-x86_64