Last updated on 2024-03-28 23:55:05 CET.
Flavor | Version | Tinstall | Tcheck | Ttotal | Status | Flags |
---|---|---|---|---|---|---|
r-devel-linux-x86_64-debian-clang | 1.2-16 | 17.49 | 66.65 | 84.14 | NOTE | |
r-devel-linux-x86_64-debian-gcc | 1.2-16 | 13.50 | 47.85 | 61.35 | NOTE | |
r-devel-linux-x86_64-fedora-clang | 1.2-16 | 104.54 | NOTE | |||
r-devel-linux-x86_64-fedora-gcc | 1.2-16 | 104.82 | NOTE | |||
r-devel-windows-x86_64 | 1.2-16 | 19.00 | 82.00 | 101.00 | NOTE | |
r-patched-linux-x86_64 | 1.2-16 | 18.12 | 63.11 | 81.23 | NOTE | |
r-release-linux-x86_64 | 1.2-16 | 17.05 | 64.26 | 81.31 | OK | |
r-release-macos-arm64 | 1.2-16 | 34.00 | OK | |||
r-release-macos-x86_64 | 1.2-16 | 85.00 | OK | |||
r-release-windows-x86_64 | 1.2-16 | 17.00 | 89.00 | 106.00 | OK | |
r-oldrel-macos-arm64 | 1.2-16 | 34.00 | OK | |||
r-oldrel-windows-x86_64 | 1.2-16 | 20.00 | 93.00 | 113.00 | OK |
Version: 1.2-16
Check: Rd files
Result: NOTE
checkRd: (-1) predict.dynaTree.Rd:107: Lost braces
107 | For \code{coef} a new \R{XXc} field is created so as not to trample
| ^
Flavors: r-devel-linux-x86_64-debian-clang, r-devel-linux-x86_64-debian-gcc, r-devel-linux-x86_64-fedora-clang, r-devel-linux-x86_64-fedora-gcc, r-devel-windows-x86_64, r-patched-linux-x86_64