CRAN Package Check Results for Package dynamite

Last updated on 2023-05-22 17:01:20 CEST.

Flavor Version Tinstall Tcheck Ttotal Status Flags
r-devel-linux-x86_64-debian-clang 1.4.2 43.47 290.62 334.09 NOTE
r-devel-linux-x86_64-debian-gcc 1.4.2 36.62 243.19 279.81 NOTE
r-devel-linux-x86_64-fedora-clang 1.4.2 3.22 ERROR
r-devel-linux-x86_64-fedora-gcc 1.4.2 369.86 NOTE
r-devel-windows-x86_64 1.4.2 44.00 199.00 243.00 NOTE
r-patched-linux-x86_64 1.4.2 44.28 262.01 306.29 NOTE
r-release-linux-x86_64 1.4.2 32.92 248.98 281.90 NOTE
r-release-macos-arm64 1.4.1 118.00 NOTE
r-release-macos-x86_64 1.3.3 233.00 NOTE
r-release-windows-x86_64 1.4.2 54.00 261.00 315.00 NOTE
r-oldrel-macos-arm64 1.4.1 130.00 NOTE
r-oldrel-macos-x86_64 1.4.2 145.00 NOTE
r-oldrel-windows-x86_64 1.4.2 37.00 250.00 287.00 NOTE

Additional issues

donttest

Check Details

Version: 1.4.2
Check: package dependencies
Result: NOTE
    Package suggested but not available for checking: ‘cmdstanr’
Flavors: r-devel-linux-x86_64-debian-clang, r-devel-linux-x86_64-debian-gcc, r-devel-linux-x86_64-fedora-gcc, r-devel-windows-x86_64, r-patched-linux-x86_64, r-release-linux-x86_64, r-release-windows-x86_64, r-oldrel-macos-x86_64, r-oldrel-windows-x86_64

Version: 1.4.2
Check: Rd cross-references
Result: NOTE
    Package unavailable to check Rd xrefs: ‘cmdstanr’
Flavors: r-devel-linux-x86_64-debian-clang, r-devel-linux-x86_64-debian-gcc, r-devel-linux-x86_64-fedora-gcc, r-devel-windows-x86_64, r-patched-linux-x86_64, r-release-linux-x86_64, r-release-windows-x86_64, r-oldrel-macos-x86_64, r-oldrel-windows-x86_64

Version: 1.4.2
Check: package dependencies
Result: ERROR
    Package required but not available: ‘rstan’
    
    Package suggested but not available for checking: ‘cmdstanr’
    
    See section ‘The DESCRIPTION file’ in the ‘Writing R Extensions’
    manual.
Flavor: r-devel-linux-x86_64-fedora-clang

Version: 1.4.2
Check: installed package size
Result: NOTE
     installed size is 12.5Mb
     sub-directories of 1Mb or more:
     R 3.3Mb
     data 8.3Mb
Flavors: r-devel-windows-x86_64, r-release-windows-x86_64, r-oldrel-macos-x86_64, r-oldrel-windows-x86_64

Version: 1.4.1
Check: package dependencies
Result: NOTE
    Package suggested but not available for checking: ‘cmdstanr’
Flavors: r-release-macos-arm64, r-oldrel-macos-arm64

Version: 1.4.1
Check: installed package size
Result: NOTE
     installed size is 13.3Mb
     sub-directories of 1Mb or more:
     R 3.4Mb
     data 9.1Mb
Flavors: r-release-macos-arm64, r-oldrel-macos-arm64

Version: 1.4.1
Check: Rd cross-references
Result: NOTE
    Package unavailable to check Rd xrefs: ‘cmdstanr’
Flavors: r-release-macos-arm64, r-oldrel-macos-arm64

Version: 1.3.3
Check: package dependencies
Result: NOTE
    Package suggested but not available for checking: ‘cmdstanr’
Flavor: r-release-macos-x86_64

Version: 1.3.3
Check: installed package size
Result: NOTE
     installed size is 11.9Mb
     sub-directories of 1Mb or more:
     R 3.6Mb
     data 7.5Mb
Flavor: r-release-macos-x86_64

Version: 1.3.3
Check: Rd cross-references
Result: NOTE
    Package unavailable to check Rd xrefs: ‘cmdstanr’
Flavor: r-release-macos-x86_64