Last updated on 2024-04-19 16:58:40 CEST.
Flavor | Version | Tinstall | Tcheck | Ttotal | Status | Flags |
---|---|---|---|---|---|---|
r-devel-linux-x86_64-debian-clang | 0.2.3 | 50.42 | 84.42 | 134.84 | NOTE | |
r-devel-linux-x86_64-debian-gcc | 0.2.3 | NOTE | ||||
r-devel-linux-x86_64-fedora-clang | 0.2.3 | 198.92 | NOTE | |||
r-devel-linux-x86_64-fedora-gcc | 0.2.3 | 207.91 | NOTE | |||
r-prerel-macos-arm64 | 0.2.3 | 58.00 | NOTE | |||
r-prerel-windows-x86_64 | 0.2.3 | 34.00 | 114.00 | 148.00 | NOTE | |
r-patched-linux-x86_64 | 0.2.3 | 45.61 | 79.75 | 125.36 | NOTE | |
r-release-linux-x86_64 | 0.2.3 | 42.95 | 79.08 | 122.03 | NOTE | |
r-release-macos-arm64 | 0.2.3 | 70.00 | NOTE | |||
r-release-macos-x86_64 | 0.2.3 | 98.00 | NOTE | |||
r-release-windows-x86_64 | 0.2.3 | 48.00 | 130.00 | 178.00 | NOTE | |
r-oldrel-macos-arm64 | 0.2.3 | 61.00 | OK | |||
r-oldrel-windows-x86_64 | 0.2.3 | 50.00 | 129.00 | 179.00 | OK |
Version: 0.2.3
Check: C++ specification
Result: NOTE
Specified C++11: please drop specification unless essential
Flavors: r-devel-linux-x86_64-debian-clang, r-devel-linux-x86_64-debian-gcc, r-devel-linux-x86_64-fedora-clang, r-devel-linux-x86_64-fedora-gcc, r-prerel-macos-arm64, r-prerel-windows-x86_64, r-patched-linux-x86_64, r-release-linux-x86_64, r-release-macos-arm64, r-release-macos-x86_64, r-release-windows-x86_64