CRAN Package Check Results for Package dyncomp

Last updated on 2024-02-24 16:48:18 CET.

Flavor Version Tinstall Tcheck Ttotal Status Flags
r-devel-linux-x86_64-debian-clang 0.0.2-1 1.96 21.83 23.79 NOTE
r-devel-linux-x86_64-debian-gcc 0.0.2-1 1.71 17.26 18.97 NOTE
r-devel-linux-x86_64-fedora-clang 0.0.2-1 30.46 NOTE
r-devel-linux-x86_64-fedora-gcc 0.0.2-1 29.13 NOTE
r-devel-windows-x86_64 0.0.2-1 3.00 38.00 41.00 NOTE
r-patched-linux-x86_64 0.0.2-1 2.05 21.55 23.60 NOTE
r-release-linux-x86_64 0.0.2-1 2.37 21.39 23.76 NOTE
r-release-macos-arm64 0.0.2-1 15.00 NOTE
r-release-macos-x86_64 0.0.2-1 19.00 NOTE
r-release-windows-x86_64 0.0.2-1 3.00 39.00 42.00 NOTE
r-oldrel-macos-arm64 0.0.2-1 16.00 NOTE
r-oldrel-windows-x86_64 0.0.2-1 3.00 42.00 45.00 NOTE

Check Details

Version: 0.0.2-1
Check: LazyData
Result: NOTE 'LazyData' is specified without a 'data' directory Flavors: r-devel-linux-x86_64-debian-clang, r-devel-linux-x86_64-debian-gcc, r-devel-linux-x86_64-fedora-clang, r-devel-linux-x86_64-fedora-gcc, r-devel-windows-x86_64, r-patched-linux-x86_64, r-release-linux-x86_64, r-release-macos-arm64, r-release-macos-x86_64, r-release-windows-x86_64, r-oldrel-macos-arm64, r-oldrel-windows-x86_64