Last updated on 2024-04-18 16:49:52 CEST.
Flavor | Version | Tinstall | Tcheck | Ttotal | Status | Flags |
---|---|---|---|---|---|---|
r-devel-linux-x86_64-debian-clang | 0.1.0 | 4.57 | 36.05 | 40.62 | OK | |
r-devel-linux-x86_64-debian-gcc | 0.1.0 | 3.57 | 28.34 | 31.91 | OK | |
r-devel-linux-x86_64-fedora-clang | 0.1.0 | 52.12 | NOTE | |||
r-devel-linux-x86_64-fedora-gcc | 0.1.0 | 49.57 | NOTE | |||
r-prerel-macos-arm64 | 0.1.0 | 22.00 | OK | |||
r-prerel-windows-x86_64 | 0.1.0 | 6.00 | 49.00 | 55.00 | OK | |
r-patched-linux-x86_64 | 0.1.0 | 3.02 | 34.27 | 37.29 | OK | |
r-release-linux-x86_64 | 0.1.0 | 4.62 | 35.53 | 40.15 | OK | |
r-release-macos-arm64 | 0.1.0 | 22.00 | OK | |||
r-release-macos-x86_64 | 0.1.0 | 29.00 | OK | |||
r-release-windows-x86_64 | 0.1.0 | 6.00 | 51.00 | 57.00 | OK | |
r-oldrel-macos-arm64 | 0.1.0 | 20.00 | NOTE | |||
r-oldrel-windows-x86_64 | 0.1.0 | 6.00 | 57.00 | 63.00 | OK |
Version: 0.1.0
Check: dependencies in R code
Result: NOTE
Namespace in Imports field not imported from: ‘graphics’
All declared Imports should be used.
Flavors: r-devel-linux-x86_64-fedora-clang, r-devel-linux-x86_64-fedora-gcc, r-oldrel-macos-arm64