Last updated on 2024-03-28 23:55:05 CET.
Flavor | Version | Tinstall | Tcheck | Ttotal | Status | Flags |
---|---|---|---|---|---|---|
r-devel-linux-x86_64-debian-clang | 1.0.5 | 24.95 | 259.80 | 284.75 | NOTE | |
r-devel-linux-x86_64-debian-gcc | 1.0.5 | 18.17 | 187.37 | 205.54 | NOTE | |
r-devel-linux-x86_64-fedora-clang | 1.0.5 | 368.13 | NOTE | |||
r-devel-linux-x86_64-fedora-gcc | 1.0.5 | 348.59 | NOTE | |||
r-devel-windows-x86_64 | 1.0.5 | 20.00 | 198.00 | 218.00 | NOTE | |
r-patched-linux-x86_64 | 1.0.5 | 15.16 | 253.66 | 268.82 | NOTE | |
r-release-linux-x86_64 | 1.0.5 | 15.23 | 248.82 | 264.05 | OK | |
r-release-macos-arm64 | 1.0.5 | 110.00 | OK | |||
r-release-macos-x86_64 | 1.0.5 | 181.00 | OK | |||
r-release-windows-x86_64 | 1.0.5 | 29.00 | 266.00 | 295.00 | OK | |
r-oldrel-macos-arm64 | 1.0.5 | 103.00 | OK | |||
r-oldrel-windows-x86_64 | 1.0.5 | 29.00 | 260.00 | 289.00 | OK |
Version: 1.0.5
Check: Rd files
Result: NOTE
checkRd: (-1) generate_kinetics.Rd:57: Lost braces; missing escapes or markup?
57 | By default, sampled from {-1, 1} with probabilities {.25, .75}.
| ^
checkRd: (-1) generate_kinetics.Rd:57: Lost braces; missing escapes or markup?
57 | By default, sampled from {-1, 1} with probabilities {.25, .75}.
| ^
Flavors: r-devel-linux-x86_64-debian-clang, r-devel-linux-x86_64-debian-gcc, r-devel-linux-x86_64-fedora-clang, r-devel-linux-x86_64-fedora-gcc, r-devel-windows-x86_64, r-patched-linux-x86_64