Last updated on 2023-06-05 09:53:59 CEST.
Flavor | Version | Tinstall | Tcheck | Ttotal | Status | Flags |
---|---|---|---|---|---|---|
r-devel-linux-x86_64-debian-clang | 1.0.2 | 12.19 | 109.10 | 121.29 | NOTE | |
r-devel-linux-x86_64-debian-gcc | 1.0.2 | 9.41 | 81.12 | 90.53 | NOTE | |
r-devel-linux-x86_64-fedora-clang | 1.0.2 | 159.23 | NOTE | |||
r-devel-linux-x86_64-fedora-gcc | 1.0.2 | 145.06 | NOTE | |||
r-devel-windows-x86_64 | 1.0.2 | 12.00 | 95.00 | 107.00 | NOTE | |
r-patched-linux-x86_64 | 1.0.2 | 11.15 | 101.75 | 112.90 | NOTE | |
r-release-linux-x86_64 | 1.0.2 | 11.49 | 101.98 | 113.47 | NOTE | |
r-release-macos-arm64 | 1.0.2 | 46.00 | NOTE | |||
r-release-macos-x86_64 | 1.0.2 | 76.00 | NOTE | |||
r-release-windows-x86_64 | 1.0.2 | 15.00 | 114.00 | 129.00 | NOTE | |
r-oldrel-macos-arm64 | 1.0.2 | 43.00 | NOTE | |||
r-oldrel-macos-x86_64 | 1.0.2 | 89.00 | NOTE | |||
r-oldrel-windows-x86_64 | 1.0.2 | 15.00 | 114.00 | 129.00 | NOTE |
Version: 1.0.2
Check: LazyData
Result: NOTE
'LazyData' is specified without a 'data' directory
Flavors: r-devel-linux-x86_64-debian-clang, r-devel-linux-x86_64-debian-gcc, r-devel-linux-x86_64-fedora-clang, r-devel-linux-x86_64-fedora-gcc, r-devel-windows-x86_64, r-patched-linux-x86_64, r-release-linux-x86_64, r-release-macos-arm64, r-release-macos-x86_64, r-release-windows-x86_64, r-oldrel-macos-arm64, r-oldrel-macos-x86_64, r-oldrel-windows-x86_64