Last updated on 2024-03-27 23:59:42 CET.
Flavor | Version | Tinstall | Tcheck | Ttotal | Status | Flags |
---|---|---|---|---|---|---|
r-devel-linux-x86_64-debian-clang | 0.1.16-105 | 43.46 | 262.54 | 306.00 | OK | |
r-devel-linux-x86_64-debian-gcc | 0.1.16-105 | 31.63 | 196.31 | 227.94 | OK | |
r-devel-linux-x86_64-fedora-clang | 0.1.16-105 | 375.97 | NOTE | |||
r-devel-linux-x86_64-fedora-gcc | 0.1.16-105 | 391.97 | OK | |||
r-devel-windows-x86_64 | 0.1.16-105 | 58.00 | 236.00 | 294.00 | NOTE | |
r-patched-linux-x86_64 | 0.1.16-105 | 38.12 | 252.82 | 290.94 | OK | |
r-release-linux-x86_64 | 0.1.16-105 | 41.07 | 255.82 | 296.89 | OK | |
r-release-macos-arm64 | 0.1.16-105 | 98.00 | NOTE | |||
r-release-macos-x86_64 | 0.1.16-105 | 184.00 | NOTE | |||
r-release-windows-x86_64 | 0.1.16-105 | 70.00 | 266.00 | 336.00 | NOTE | |
r-oldrel-macos-arm64 | 0.1.16-105 | 96.00 | NOTE | |||
r-oldrel-windows-x86_64 | 0.1.16-105 | 60.00 | 258.00 | 318.00 | NOTE |
Version: 0.1.16-105
Check: installed package size
Result: NOTE
installed size is 5.3Mb
sub-directories of 1Mb or more:
data 2.5Mb
doc 1.4Mb
Flavors: r-devel-linux-x86_64-fedora-clang, r-devel-windows-x86_64, r-release-macos-arm64, r-release-macos-x86_64, r-release-windows-x86_64, r-oldrel-macos-arm64, r-oldrel-windows-x86_64