Last updated on 2023-05-28 22:00:09 CEST.
Flavor | Version | Tinstall | Tcheck | Ttotal | Status | Flags |
---|---|---|---|---|---|---|
r-devel-linux-x86_64-debian-clang | 0.4-4 | 48.07 | 105.01 | 153.08 | OK | |
r-devel-linux-x86_64-debian-gcc | 0.4-4 | 34.64 | 78.44 | 113.08 | OK | |
r-devel-linux-x86_64-fedora-clang | 0.4-4 | 189.69 | OK | |||
r-devel-linux-x86_64-fedora-gcc | 0.4-4 | 185.84 | OK | |||
r-devel-windows-x86_64 | 0.4-4 | 34.00 | 115.00 | 149.00 | OK | |
r-patched-linux-x86_64 | 0.4-4 | 38.39 | 96.54 | 134.93 | OK | |
r-release-linux-x86_64 | 0.4-4 | 35.56 | 97.13 | 132.69 | OK | |
r-release-macos-arm64 | 0.4-4 | 51.00 | NOTE | |||
r-release-macos-x86_64 | 0.4-3 | 95.00 | NOTE | |||
r-release-windows-x86_64 | 0.4-4 | 42.00 | 136.00 | 178.00 | OK | |
r-oldrel-macos-arm64 | 0.4-4 | 58.00 | NOTE | |||
r-oldrel-macos-x86_64 | 0.4-4 | 79.00 | NOTE | |||
r-oldrel-windows-x86_64 | 0.4-4 | 38.00 | 136.00 | 174.00 | OK |
Version: 0.4-4
Check: installed package size
Result: NOTE
installed size is 5.9Mb
sub-directories of 1Mb or more:
libs 5.7Mb
Flavors: r-release-macos-arm64, r-oldrel-macos-arm64, r-oldrel-macos-x86_64
Version: 0.4-3
Check: installed package size
Result: NOTE
installed size is 6.6Mb
sub-directories of 1Mb or more:
libs 6.3Mb
Flavor: r-release-macos-x86_64