CRAN Package Check Results for Package dynutils

Last updated on 2021-10-21 00:49:43 CEST.

Flavor Version Tinstall Tcheck Ttotal Status Flags
r-devel-linux-x86_64-debian-clang 1.0.9 32.21 283.31 315.52 OK
r-devel-linux-x86_64-debian-gcc 1.0.9 23.09 221.78 244.87 OK
r-devel-linux-x86_64-fedora-clang 1.0.9 426.71 OK
r-devel-linux-x86_64-fedora-gcc 1.0.9 417.42 OK
r-devel-windows-x86_64 1.0.9 48.00 207.00 255.00 OK
r-devel-windows-x86_64-gcc10-UCRT 1.0.9 OK
r-patched-linux-x86_64 1.0.9 32.26 286.10 318.36 OK
r-patched-solaris-x86 1.0.9 697.60 ERROR
r-release-linux-x86_64 1.0.9 30.56 277.06 307.62 OK
r-release-macos-arm64 1.0.8 OK
r-release-macos-x86_64 1.0.9 OK
r-release-windows-ix86+x86_64 1.0.9 78.00 298.00 376.00 OK
r-oldrel-macos-x86_64 1.0.9 OK
r-oldrel-windows-ix86+x86_64 1.0.9 61.00 235.00 296.00 OK

Check Details

Version: 1.0.9
Check: tests
Result: ERROR
     Running ‘testthat.R’ [508s/138s]
    Running the tests in ‘tests/testthat.R’ failed.
    Complete output:
     > library(testthat)
     >
     > test_check("dynutils")
     Loading required package: dynutils
    
     Attaching package: 'dynutils'
    
     The following object is masked from 'package:testthat':
    
     has_names
    
     ❌ Unable to read hdf5 files
     ══ Failed tests ════════════════════════════════════════════════════════════════
     ── Error (test-h5.R:12:5): write_h5 and read_h5 works ──────────────────────────
     Error in `H5ToR_Pre(mem_type, nelem)`: HDF5-API Errors:
     error #000: H5T.c in H5Tget_class(): line 1876: not a datatype
     class: HDF5
     major: Invalid arguments to routine
     minor: Inappropriate type
    
     Backtrace:
     █
     1. └─dynutils::read_h5(file) test-h5.R:12:4
     2. └─dynutils::read_h5_(file_h5)
     3. └─hdf5r::h5attr(file_h5, "object_class")
     4. └─attr_obj$read()
     5. └─hdf5r:::H5ToR_Pre(mem_type, nelem)
     ── Error (test-h5.R:18:5): test_h5_installation works ──────────────────────────
     Error in `H5ToR_Pre(mem_type, nelem)`: HDF5-API Errors:
     error #000: H5T.c in H5Tget_class(): line 1876: not a datatype
     class: HDF5
     major: Invalid arguments to routine
     minor: Inappropriate type
    
     Backtrace:
     █
     1. ├─testthat::expect_true(test_h5_installation()) test-h5.R:18:4
     2. │ └─testthat::quasi_label(enquo(object), label, arg = "object")
     3. │ └─rlang::eval_bare(expr, quo_get_env(quo))
     4. └─dynutils::test_h5_installation()
     5. └─dynutils:::test_h5_installation_read(detailed, file)
     6. └─base::tryCatch(...)
     7. └─base:::tryCatchList(expr, classes, parentenv, handlers)
     8. └─base:::tryCatchOne(expr, names, parentenv, handlers[[1L]])
     9. └─value[[3L]](cond)
    
     [ FAIL 2 | WARN 0 | SKIP 0 | PASS 541 ]
     Error: Test failures
     Execution halted
Flavor: r-patched-solaris-x86

Version: 1.0.9
Check: for detritus in the temp directory
Result: NOTE
    Found the following files/directories:
     ‘Rtmp_CaqMh’
Flavor: r-patched-solaris-x86