CRAN Package Check Results for Package eHOF

Last updated on 2024-06-17 19:51:29 CEST.

Flavor Version Tinstall Tcheck Ttotal Status Flags
r-devel-linux-x86_64-debian-clang 1.15 8.78 108.09 116.87 OK
r-devel-linux-x86_64-debian-gcc 1.15 7.14 82.55 89.69 OK
r-devel-linux-x86_64-fedora-clang 1.15 152.13 OK
r-devel-linux-x86_64-fedora-gcc 1.15 166.96 OK
r-devel-windows-x86_64 1.15 9.00 111.00 120.00 OK
r-patched-linux-x86_64 1.15 8.43 104.18 112.61 OK
r-release-linux-x86_64 1.15 9.27 102.21 111.48 OK
r-release-macos-arm64 1.15 55.00 ERROR
r-release-macos-x86_64 1.15 83.00 WARN
r-release-windows-x86_64 1.15 9.00 112.00 121.00 OK
r-oldrel-macos-arm64 1.15 59.00 OK
r-oldrel-macos-x86_64 1.15 136.00 OK
r-oldrel-windows-x86_64 1.15 11.00 119.00 130.00 OK

Check Details

Version: 1.15
Check: re-building of vignette outputs
Result: ERROR Error(s) in re-building vignettes: ... --- re-building ‘eHOF.Rnw’ using knitr Quitting from lines 57-67 [4site.echo] (eHOF.Rnw) Error: processing vignette 'eHOF.Rnw' failed with diagnostics: Timeout was reached: [germansl.infinitenature.org] Resolving timed out after 10007 milliseconds --- failed re-building ‘eHOF.Rnw’ SUMMARY: processing the following file failed: ‘eHOF.Rnw’ Error: Vignette re-building failed. Execution halted Flavor: r-release-macos-arm64

Version: 1.15
Check: re-building of vignette outputs
Result: WARN Error(s) in re-building vignettes: ... --- re-building ‘eHOF.Rnw’ using knitr Error: processing vignette 'eHOF.Rnw' failed with diagnostics: Running 'texi2dvi' on 'eHOF.tex' failed. LaTeX errors: ! Undefined control sequence. l.86 \hlkwd{library}\hldef {(eHOF)} ? ! Emergency stop. ! Emergency stop. l.86 End of file on the terminal! ! ==> Fatal error occurred, no output PDF file produced! --- failed re-building ‘eHOF.Rnw’ SUMMARY: processing the following file failed: ‘eHOF.Rnw’ Error: Vignette re-building failed. Execution halted Flavor: r-release-macos-x86_64