Last updated on 2024-04-23 08:57:50 CEST.
Flavor | Version | Tinstall | Tcheck | Ttotal | Status | Flags |
---|---|---|---|---|---|---|
r-devel-linux-x86_64-debian-clang | 0.11.0 | 18.15 | 410.04 | 428.19 | OK | |
r-devel-linux-x86_64-debian-gcc | 0.11.0 | 12.20 | 251.84 | 264.04 | OK | |
r-devel-linux-x86_64-fedora-clang | 0.11.0 | 526.02 | OK | |||
r-devel-linux-x86_64-fedora-gcc | 0.11.0 | 443.42 | OK | |||
r-prerel-macos-arm64 | 0.11.0 | 178.00 | OK | |||
r-prerel-macos-x86_64 | 0.11.0 | 225.00 | OK | |||
r-prerel-windows-x86_64 | 0.11.0 | 16.00 | 262.00 | 278.00 | OK | |
r-patched-linux-x86_64 | 0.11.0 | 15.91 | 329.62 | 345.53 | OK | |
r-release-linux-x86_64 | 0.11.0 | 13.86 | 333.18 | 347.04 | WARN | |
r-release-macos-arm64 | 0.11.0 | 159.00 | WARN | |||
r-release-macos-x86_64 | 0.11.0 | 228.00 | WARN | |||
r-release-windows-x86_64 | 0.11.0 | 22.00 | 318.00 | 340.00 | WARN | |
r-oldrel-macos-arm64 | 0.11.0 | 158.00 | WARN | |||
r-oldrel-windows-x86_64 | 0.11.0 | 21.00 | 319.00 | 340.00 | WARN |
Version: 0.11.0
Check: Rd files
Result: WARN
checkRd: (5) ePCR.Rd:0-17: Must have a \description
Flavors: r-release-linux-x86_64, r-release-macos-arm64, r-release-macos-x86_64, r-release-windows-x86_64, r-oldrel-macos-arm64, r-oldrel-windows-x86_64