Last updated on 2024-04-20 08:50:50 CEST.
Flavor | Version | Tinstall | Tcheck | Ttotal | Status | Flags |
---|---|---|---|---|---|---|
r-devel-linux-x86_64-debian-clang | 1.4 | 0.28 | 2.17 | 2.45 | ERROR | |
r-devel-linux-x86_64-debian-gcc | 1.4 | 1.80 | 1.80 | ERROR | ||
r-devel-linux-x86_64-fedora-clang | 1.4 | 621.14 | OK | |||
r-devel-linux-x86_64-fedora-gcc | 1.4 | 635.90 | OK | |||
r-prerel-macos-arm64 | 1.4 | 4.00 | ERROR | |||
r-prerel-macos-x86_64 | 1.4 | 511.00 | OK | |||
r-prerel-windows-x86_64 | 1.4 | 41.00 | 294.00 | 335.00 | OK | |
r-patched-linux-x86_64 | 1.4 | 32.61 | 421.10 | 453.71 | OK | |
r-release-linux-x86_64 | 1.4 | 32.89 | 436.25 | 469.14 | OK | |
r-release-macos-arm64 | 1.4 | 168.00 | OK | |||
r-release-macos-x86_64 | 1.4 | 345.00 | OK | |||
r-release-windows-x86_64 | 1.4 | 57.00 | 392.00 | 449.00 | OK | |
r-oldrel-macos-arm64 | 1.4 | 9.00 | ERROR | |||
r-oldrel-windows-x86_64 | 1.4 | 53.00 | 333.00 | 386.00 | OK |
Version: 1.4
Check: package dependencies
Result: ERROR
Packages required but not available:
'annotate', 'diffcoexp', 'geneExpressionFromGEO', 'GEOquery',
'jetset'
See section ‘The DESCRIPTION file’ in the ‘Writing R Extensions’
manual.
Flavor: r-devel-linux-x86_64-debian-clang
Version: 1.4
Check: package dependencies
Result: ERROR
Packages required but not available:
'annotate', 'diffcoexp', 'geneExpressionFromGEO', 'GEOquery'
See section ‘The DESCRIPTION file’ in the ‘Writing R Extensions’
manual.
Flavor: r-devel-linux-x86_64-debian-gcc
Version: 1.4
Check: package dependencies
Result: ERROR
Package required but not available: ‘diffcoexp’
See section ‘The DESCRIPTION file’ in the ‘Writing R Extensions’
manual.
Flavors: r-prerel-macos-arm64, r-oldrel-macos-arm64