CRAN Package Check Results for Package easyr

Last updated on 2021-10-21 16:49:41 CEST.

Flavor Version Tinstall Tcheck Ttotal Status Flags
r-devel-linux-x86_64-debian-clang 0.5-4 6.27 68.38 74.65 OK
r-devel-linux-x86_64-debian-gcc 0.5-4 4.64 52.34 56.98 OK
r-devel-linux-x86_64-fedora-clang 0.5-4 99.47 NOTE
r-devel-linux-x86_64-fedora-gcc 0.5-4 98.57 NOTE
r-devel-windows-x86_64 0.5-4 10.00 118.00 128.00 OK
r-devel-windows-x86_64-gcc10-UCRT 0.5-4 NOTE
r-patched-linux-x86_64 0.5-4 6.34 58.27 64.61 OK
r-patched-solaris-x86 0.5-4 108.60 NOTE
r-release-linux-x86_64 0.5-4 5.56 57.81 63.37 OK
r-release-macos-arm64 0.5-4 NOTE
r-release-macos-x86_64 0.5-4 NOTE
r-release-windows-ix86+x86_64 0.5-4 13.00 128.00 141.00 OK
r-oldrel-macos-x86_64 0.5-4 NOTE
r-oldrel-windows-ix86+x86_64 0.5-4 12.00 103.00 115.00 OK

Check Details

Version: 0.5-4
Check: dependencies in R code
Result: NOTE
    Namespace in Imports field not imported from: ‘rprojroot’
     All declared Imports should be used.
Flavors: r-devel-linux-x86_64-fedora-clang, r-devel-linux-x86_64-fedora-gcc, r-devel-windows-x86_64-gcc10-UCRT, r-patched-solaris-x86, r-release-macos-arm64, r-release-macos-x86_64, r-oldrel-macos-x86_64