CRAN Package Check Results for Package ebirdst

Last updated on 2021-10-21 00:49:43 CEST.

Flavor Version Tinstall Tcheck Ttotal Status Flags
r-devel-linux-x86_64-debian-clang 0.3.2 7.73 70.44 78.17 OK
r-devel-linux-x86_64-debian-gcc 0.3.2 5.22 54.16 59.38 OK
r-devel-linux-x86_64-fedora-clang 0.3.2 103.67 NOTE
r-devel-linux-x86_64-fedora-gcc 0.3.2 91.97 NOTE
r-devel-windows-x86_64 0.3.2 11.00 109.00 120.00 OK
r-devel-windows-x86_64-gcc10-UCRT 0.3.2 NOTE
r-patched-linux-x86_64 0.3.2 12.52 71.02 83.54 OK
r-patched-solaris-x86 0.3.2 115.80 NOTE
r-release-linux-x86_64 0.3.2 5.68 71.03 76.71 OK
r-release-macos-arm64 0.3.2 NOTE
r-release-macos-x86_64 0.3.2 NOTE
r-release-windows-ix86+x86_64 0.3.2 10.00 109.00 119.00 OK
r-oldrel-macos-x86_64 0.3.2 NOTE
r-oldrel-windows-ix86+x86_64 0.3.2 14.00 92.00 106.00 OK

Check Details

Version: 0.3.2
Check: dependencies in R code
Result: NOTE
    Namespaces in Imports field not imported from:
     ‘methods’ ‘rappdirs’ ‘rgdal’ ‘tools’
     All declared Imports should be used.
Flavors: r-devel-linux-x86_64-fedora-clang, r-devel-linux-x86_64-fedora-gcc, r-devel-windows-x86_64-gcc10-UCRT, r-patched-solaris-x86, r-release-macos-arm64, r-release-macos-x86_64, r-oldrel-macos-x86_64